CRAN Package Check Results for Package shinyMonacoEditor

Last updated on 2021-01-16 06:51:23 CET.

Flavor Version Tinstall Tcheck Ttotal Status Flags
r-devel-linux-x86_64-debian-clang 1.1.0 4.59 30.90 35.49 OK
r-devel-linux-x86_64-debian-gcc 1.1.0 4.28 24.98 29.26 OK
r-devel-linux-x86_64-fedora-clang 1.1.0 50.20 NOTE
r-devel-linux-x86_64-fedora-gcc 1.1.0 40.78 OK
r-devel-windows-ix86+x86_64 1.1.0 10.00 42.00 52.00 NOTE
r-patched-linux-x86_64 1.1.0 4.73 29.98 34.71 OK
r-patched-solaris-x86 1.1.0 78.00 NOTE
r-release-linux-x86_64 1.1.0 5.23 30.19 35.42 OK
r-release-macos-x86_64 1.1.0 NOTE
r-release-windows-ix86+x86_64 1.1.0 11.00 38.00 49.00 NOTE
r-oldrel-macos-x86_64 1.1.0 NOTE
r-oldrel-windows-ix86+x86_64 1.1.0 10.00 36.00 46.00 NOTE

Check Details

Version: 1.1.0
Check: installed package size
Result: NOTE
     installed size is 21.6Mb
     sub-directories of 1Mb or more:
     shinyApp 21.4Mb
Flavors: r-devel-linux-x86_64-fedora-clang, r-devel-windows-ix86+x86_64, r-patched-solaris-x86, r-release-macos-x86_64, r-release-windows-ix86+x86_64, r-oldrel-macos-x86_64, r-oldrel-windows-ix86+x86_64