CRAN Package Check Results for Package shinybrms

Last updated on 2022-01-18 06:53:01 CET.

Flavor Version Tinstall Tcheck Ttotal Status Flags
r-devel-linux-x86_64-debian-clang 1.6.0 2.68 37.69 40.37 NOTE
r-devel-linux-x86_64-debian-gcc 1.6.0 1.84 29.41 31.25 NOTE
r-devel-linux-x86_64-fedora-clang 1.6.0 48.89 NOTE
r-devel-linux-x86_64-fedora-gcc 1.6.0 36.24 NOTE
r-devel-windows-x86_64-new-UL 1.6.0 24.00 55.00 79.00 NOTE
r-devel-windows-x86_64-new-TK 1.6.0 NOTE
r-patched-linux-x86_64 1.6.0 2.58 35.69 38.27 NOTE
r-release-linux-x86_64 1.6.0 NOTE
r-release-macos-arm64 1.6.0 NOTE
r-release-macos-x86_64 1.6.0 NOTE
r-release-windows-ix86+x86_64 1.6.0 8.00 49.00 57.00 NOTE
r-oldrel-macos-x86_64 1.6.0 NOTE
r-oldrel-windows-ix86+x86_64 1.6.0 8.00 47.00 55.00 NOTE

Check Details

Version: 1.6.0
Check: package dependencies
Result: NOTE
    Package suggested but not available for checking: 'cmdstanr'
Flavors: r-devel-linux-x86_64-debian-clang, r-devel-linux-x86_64-debian-gcc, r-devel-linux-x86_64-fedora-clang, r-devel-linux-x86_64-fedora-gcc, r-devel-windows-x86_64-new-UL, r-patched-linux-x86_64, r-release-linux-x86_64, r-release-macos-arm64, r-release-macos-x86_64, r-release-windows-ix86+x86_64, r-oldrel-macos-x86_64, r-oldrel-windows-ix86+x86_64

Version: 1.6.0
Check: dependencies in R code
Result: NOTE
    Namespace in Imports field not imported from: ‘rlang’
     All declared Imports should be used.
Flavors: r-devel-linux-x86_64-fedora-clang, r-devel-linux-x86_64-fedora-gcc, r-devel-windows-x86_64-new-TK, r-release-macos-arm64, r-release-macos-x86_64, r-oldrel-macos-x86_64

Version: 1.6.0
Check: package dependencies
Result: NOTE
    Packages suggested but not available for checking:
     'cmdstanr', 'rstanarm', 'lme4'
Flavor: r-devel-windows-x86_64-new-TK