CRAN Package Check Results for Package shinycustomloader

Last updated on 2025-01-14 06:56:19 CET.

Flavor Version Tinstall Tcheck Ttotal Status Flags
r-devel-linux-x86_64-debian-clang 0.9.0 2.83 30.27 33.10 OK
r-devel-linux-x86_64-debian-gcc 0.9.0 2.18 22.87 25.05 OK
r-devel-linux-x86_64-fedora-clang 0.9.0 52.64 OK
r-devel-linux-x86_64-fedora-gcc 0.9.0 50.82 OK
r-devel-windows-x86_64 0.9.0 4.00 57.00 61.00 OK
r-patched-linux-x86_64 0.9.0 2.92 28.90 31.82 NOTE
r-release-linux-x86_64 0.9.0 2.53 29.02 31.55 NOTE
r-release-macos-arm64 0.9.0 21.00 NOTE
r-release-macos-x86_64 0.9.0 33.00 NOTE
r-release-windows-x86_64 0.9.0 4.00 57.00 61.00 NOTE
r-oldrel-macos-arm64 0.9.0 21.00 NOTE
r-oldrel-macos-x86_64 0.9.0 31.00 NOTE
r-oldrel-windows-x86_64 0.9.0 5.00 58.00 63.00 NOTE

Check Details

Version: 0.9.0
Check: LazyData
Result: NOTE 'LazyData' is specified without a 'data' directory Flavors: r-patched-linux-x86_64, r-release-linux-x86_64, r-release-macos-arm64, r-release-macos-x86_64, r-release-windows-x86_64, r-oldrel-macos-arm64, r-oldrel-macos-x86_64, r-oldrel-windows-x86_64