Last updated on 2021-01-18 06:46:49 CET.
Flavor | Version | Tinstall | Tcheck | Ttotal | Status | Flags |
---|---|---|---|---|---|---|
r-devel-linux-x86_64-debian-clang | 0.1.0 | 1.68 | 19.55 | 21.23 | OK | |
r-devel-linux-x86_64-debian-gcc | 0.1.0 | 1.55 | 15.84 | 17.39 | OK | |
r-devel-linux-x86_64-fedora-clang | 0.1.0 | 35.19 | NOTE | |||
r-devel-linux-x86_64-fedora-gcc | 0.1.0 | 25.36 | NOTE | |||
r-devel-windows-ix86+x86_64 | 0.1.0 | 5.00 | 29.00 | 34.00 | OK | |
r-patched-linux-x86_64 | 0.1.0 | 1.94 | 18.96 | 20.90 | OK | |
r-patched-solaris-x86 | 0.1.0 | 40.90 | NOTE | |||
r-release-linux-x86_64 | 0.1.0 | 1.86 | 19.30 | 21.16 | OK | |
r-release-macos-x86_64 | 0.1.0 | NOTE | ||||
r-release-windows-ix86+x86_64 | 0.1.0 | 5.00 | 27.00 | 32.00 | OK | |
r-oldrel-macos-x86_64 | 0.1.0 | NOTE | ||||
r-oldrel-windows-ix86+x86_64 | 0.1.0 | 4.00 | 27.00 | 31.00 | OK |
Version: 0.1.0
Check: dependencies in R code
Result: NOTE
Namespace in Imports field not imported from: ‘shiny’
All declared Imports should be used.
Flavors: r-devel-linux-x86_64-fedora-clang, r-devel-linux-x86_64-fedora-gcc, r-patched-solaris-x86, r-release-macos-x86_64, r-oldrel-macos-x86_64