Last updated on 2021-04-21 06:47:56 CEST.
Flavor | Version | Tinstall | Tcheck | Ttotal | Status | Flags |
---|---|---|---|---|---|---|
r-devel-linux-x86_64-debian-clang | 0.2.0 | 6.70 | 65.36 | 72.06 | NOTE | |
r-devel-linux-x86_64-debian-gcc | 0.2.0 | 5.13 | 48.42 | 53.55 | NOTE | |
r-devel-linux-x86_64-fedora-clang | 0.2.0 | 94.37 | NOTE | |||
r-devel-linux-x86_64-fedora-gcc | 0.2.0 | 82.72 | NOTE | |||
r-devel-windows-ix86+x86_64 | 0.2.0 | 14.00 | 69.00 | 83.00 | NOTE | |
r-devel-windows-x86_64-gcc10-UCRT | 0.2.0 | NOTE | ||||
r-patched-linux-x86_64 | 0.2.0 | 6.83 | 60.76 | 67.59 | OK | |
r-patched-solaris-x86 | 0.2.0 | 126.50 | NOTE | |||
r-release-linux-x86_64 | 0.2.0 | 7.02 | 60.66 | 67.68 | OK | |
r-release-macos-x86_64 | 0.2.0 | NOTE | ||||
r-release-windows-ix86+x86_64 | 0.2.0 | 17.00 | 71.00 | 88.00 | OK | |
r-oldrel-macos-x86_64 | 0.2.0 | NOTE | ||||
r-oldrel-windows-ix86+x86_64 | 0.2.0 | 29.00 | 81.00 | 110.00 | OK |
Version: 0.2.0
Check: LazyData
Result: NOTE
'LazyData' is specified without a 'data' directory
Flavors: r-devel-linux-x86_64-debian-clang, r-devel-linux-x86_64-debian-gcc, r-devel-linux-x86_64-fedora-clang, r-devel-linux-x86_64-fedora-gcc, r-devel-windows-ix86+x86_64, r-devel-windows-x86_64-gcc10-UCRT
Version: 0.2.0
Check: dependencies in R code
Result: NOTE
Namespace in Imports field not imported from: ‘purrr’
All declared Imports should be used.
Flavors: r-devel-linux-x86_64-fedora-clang, r-devel-linux-x86_64-fedora-gcc, r-devel-windows-x86_64-gcc10-UCRT, r-patched-solaris-x86, r-release-macos-x86_64, r-oldrel-macos-x86_64