CRAN Package Check Results for Package shinyobjects

Last updated on 2021-01-17 06:47:03 CET.

Flavor Version Tinstall Tcheck Ttotal Status Flags
r-devel-linux-x86_64-debian-clang 0.2.0 5.97 58.43 64.40 OK
r-devel-linux-x86_64-debian-gcc 0.2.0 5.13 47.66 52.79 OK
r-devel-linux-x86_64-fedora-clang 0.2.0 87.15 NOTE
r-devel-linux-x86_64-fedora-gcc 0.2.0 75.78 NOTE
r-devel-windows-ix86+x86_64 0.2.0 13.00 67.00 80.00 OK
r-patched-linux-x86_64 0.2.0 6.60 57.97 64.57 OK
r-patched-solaris-x86 0.2.0 112.50 NOTE
r-release-linux-x86_64 0.2.0 5.71 58.15 63.86 OK
r-release-macos-x86_64 0.2.0 NOTE
r-release-windows-ix86+x86_64 0.2.0 13.00 63.00 76.00 OK
r-oldrel-macos-x86_64 0.2.0 NOTE
r-oldrel-windows-ix86+x86_64 0.2.0 13.00 58.00 71.00 OK

Check Details

Version: 0.2.0
Check: dependencies in R code
Result: NOTE
    Namespace in Imports field not imported from: ‘purrr’
     All declared Imports should be used.
Flavors: r-devel-linux-x86_64-fedora-clang, r-devel-linux-x86_64-fedora-gcc, r-patched-solaris-x86, r-release-macos-x86_64, r-oldrel-macos-x86_64