CRAN Package Check Results for Package shinyrecap

Last updated on 2020-11-28 06:49:35 CET.

Flavor Version Tinstall Tcheck Ttotal Status Flags
r-devel-linux-x86_64-debian-clang 0.1.0 3.24 36.29 39.53 OK
r-devel-linux-x86_64-debian-gcc 0.1.0 3.18 24.84 28.02 OK
r-devel-linux-x86_64-fedora-clang 0.1.0 47.47 NOTE
r-devel-linux-x86_64-fedora-gcc 0.1.0 39.71 NOTE
r-devel-windows-ix86+x86_64 0.1.0 6.00 35.00 41.00 OK
r-patched-linux-x86_64 0.1.0 3.33 33.27 36.60 OK
r-patched-solaris-x86 0.1.0 54.60 NOTE
r-release-linux-x86_64 0.1.0 3.42 34.71 38.13 OK
r-release-macos-x86_64 0.1.0 NOTE
r-release-windows-ix86+x86_64 0.1.0 6.00 37.00 43.00 OK
r-oldrel-macos-x86_64 0.1.0 NOTE
r-oldrel-windows-ix86+x86_64 0.1.0 4.00 37.00 41.00 OK

Check Details

Version: 0.1.0
Check: dependencies in R code
Result: NOTE
    Namespaces in Imports field not imported from:
     ‘CARE1’ ‘LCMCR’ ‘coda’ ‘conting’ ‘dga’ ‘future’ ‘ggplot2’ ‘ipc’
     ‘promises’ ‘reshape’ ‘shinycssloaders’ ‘testthat’
     All declared Imports should be used.
Flavors: r-devel-linux-x86_64-fedora-clang, r-devel-linux-x86_64-fedora-gcc, r-patched-solaris-x86, r-release-macos-x86_64, r-oldrel-macos-x86_64