CRAN Package Check Results for Package shinyvalidate

Last updated on 2022-01-21 07:52:48 CET.

Flavor Version Tinstall Tcheck Ttotal Status Flags
r-devel-linux-x86_64-debian-clang 0.1.1 OK
r-devel-linux-x86_64-debian-gcc 0.1.1 2.62 31.55 34.17 OK
r-devel-linux-x86_64-fedora-clang 0.1.1 53.51 NOTE
r-devel-linux-x86_64-fedora-gcc 0.1.1 42.27 NOTE
r-devel-windows-x86_64-new-UL 0.1.1 78.00 68.00 146.00 OK
r-devel-windows-x86_64-new-TK 0.1.1 NOTE
r-patched-linux-x86_64 0.1.1 4.08 39.06 43.14 OK
r-release-linux-x86_64 0.1.1 3.03 39.36 42.39 OK
r-release-macos-arm64 0.1.1 NOTE
r-release-macos-x86_64 0.1.1 NOTE
r-release-windows-ix86+x86_64 0.1.1 8.00 50.00 58.00 OK
r-oldrel-macos-x86_64 0.1.1 NOTE
r-oldrel-windows-ix86+x86_64 0.1.1 8.00 51.00 59.00 OK

Check Details

Version: 0.1.1
Check: dependencies in R code
Result: NOTE
    Namespace in Imports field not imported from: ‘shiny’
     All declared Imports should be used.
Flavors: r-devel-linux-x86_64-fedora-clang, r-devel-linux-x86_64-fedora-gcc, r-devel-windows-x86_64-new-TK, r-release-macos-arm64, r-release-macos-x86_64, r-oldrel-macos-x86_64