CRAN Package Check Results for Package sidier

Last updated on 2024-07-16 07:01:51 CEST.

Flavor Version Tinstall Tcheck Ttotal Status Flags
r-devel-linux-x86_64-debian-clang 4.1.0 13.21 97.69 110.90 NOTE
r-devel-linux-x86_64-debian-gcc 4.1.0 10.29 71.65 81.94 NOTE
r-devel-linux-x86_64-fedora-clang 4.1.0 141.87 NOTE
r-devel-linux-x86_64-fedora-gcc 4.1.0 131.69 NOTE
r-devel-windows-x86_64 4.1.0 14.00 100.00 114.00 NOTE
r-patched-linux-x86_64 4.1.0 19.12 95.66 114.78 NOTE
r-release-linux-x86_64 4.1.0 9.13 92.51 101.64 NOTE
r-release-macos-arm64 4.1.0 39.00 NOTE
r-release-macos-x86_64 4.1.0 61.00 NOTE
r-release-windows-x86_64 4.1.0 13.00 100.00 113.00 NOTE
r-oldrel-macos-arm64 4.1.0 41.00 OK
r-oldrel-macos-x86_64 4.1.0 67.00 OK
r-oldrel-windows-x86_64 4.1.0 18.00 110.00 128.00 OK

Check Details

Version: 4.1.0
Check: Rd files
Result: NOTE checkRd: (-1) pop.dist.Rd:41: Lost braces; missing escapes or markup? 41 | where \emph{dist(i,j)} represents the distance between populations \emph{i} and \emph{j}, \emph{m} and \emph{n} are the number of sequences in populations \emph{i} and \emph{j}, respectively, and \emph{dist(H_{ki},H_{lj})} is the distance between the \emph{k-th} sequence found in population \emph{i} and the \emph{l-th} sequence found in population \emph{j}. | ^ checkRd: (-1) pop.dist.Rd:41: Lost braces; missing escapes or markup? 41 | where \emph{dist(i,j)} represents the distance between populations \emph{i} and \emph{j}, \emph{m} and \emph{n} are the number of sequences in populations \emph{i} and \emph{j}, respectively, and \emph{dist(H_{ki},H_{lj})} is the distance between the \emph{k-th} sequence found in population \emph{i} and the \emph{l-th} sequence found in population \emph{j}. | ^ Flavors: r-devel-linux-x86_64-debian-clang, r-devel-linux-x86_64-debian-gcc, r-devel-linux-x86_64-fedora-clang, r-devel-linux-x86_64-fedora-gcc, r-devel-windows-x86_64, r-patched-linux-x86_64, r-release-linux-x86_64, r-release-macos-arm64, r-release-macos-x86_64, r-release-windows-x86_64

Version: 4.1.0
Check: Rd cross-references
Result: NOTE Found the following Rd file(s) with Rd \link{} targets missing package anchors: mutation.network.Rd: plot.network Please provide package anchors for all Rd \link{} targets not in the package itself and the base packages. Flavor: r-devel-windows-x86_64