Last updated on 2023-03-28 06:51:30 CEST.
Flavor | Version | Tinstall | Tcheck | Ttotal | Status | Flags |
---|---|---|---|---|---|---|
r-devel-linux-x86_64-debian-clang | 0.1.0 | 10.42 | 63.92 | 74.34 | NOTE | |
r-devel-linux-x86_64-debian-gcc | 0.1.0 | 8.31 | 48.04 | 56.35 | NOTE | |
r-devel-linux-x86_64-fedora-clang | 0.1.0 | 93.67 | NOTE | |||
r-devel-linux-x86_64-fedora-gcc | 0.1.0 | 112.84 | NOTE | |||
r-patched-linux-x86_64 | 0.1.0 | 6.99 | 60.38 | 67.37 | NOTE | |
r-release-linux-x86_64 | 0.1.0 | 6.25 | 63.22 | 69.47 | OK | |
r-release-macos-arm64 | 0.1.0 | 30.00 | NOTE | |||
r-release-macos-x86_64 | 0.1.0 | 58.00 | NOTE | |||
r-release-windows-x86_64 | 0.1.0 | 34.00 | 98.00 | 132.00 | OK | |
r-oldrel-macos-arm64 | 0.1.0 | 44.00 | NOTE | |||
r-oldrel-macos-x86_64 | 0.1.0 | 40.00 | NOTE | |||
r-oldrel-windows-ix86+x86_64 | 0.1.0 | 26.00 | 118.00 | 144.00 | OK |
Version: 0.1.0
Check: C++ specification
Result: NOTE
Specified C++11: please drop specification unless essential
Flavors: r-devel-linux-x86_64-debian-clang, r-devel-linux-x86_64-debian-gcc, r-devel-linux-x86_64-fedora-clang, r-devel-linux-x86_64-fedora-gcc, r-patched-linux-x86_64
Version: 0.1.0
Check: data for non-ASCII characters
Result: NOTE
Note: found 1231 marked UTF-8 strings
Flavors: r-devel-linux-x86_64-fedora-clang, r-devel-linux-x86_64-fedora-gcc, r-release-macos-arm64, r-release-macos-x86_64, r-oldrel-macos-arm64, r-oldrel-macos-x86_64