CRAN Package Check Results for Package simlandr

Last updated on 2022-01-26 06:50:29 CET.

Flavor Version Tinstall Tcheck Ttotal Status Flags
r-devel-linux-x86_64-debian-clang 0.1.2 5.81 158.46 164.27 OK
r-devel-linux-x86_64-debian-gcc 0.1.2 4.93 109.77 114.70 OK
r-devel-linux-x86_64-fedora-clang 0.1.2 191.20 NOTE
r-devel-linux-x86_64-fedora-gcc 0.1.2 171.98 OK
r-devel-windows-x86_64-new-UL 0.1.2 79.00 205.00 284.00 NOTE
r-devel-windows-x86_64-new-TK 0.1.2 OK
r-patched-linux-x86_64 0.1.2 4.97 149.29 154.26 OK
r-release-linux-x86_64 0.1.2 3.96 147.08 151.04 OK
r-release-macos-arm64 0.1.2 NOTE
r-release-macos-x86_64 0.1.2 NOTE
r-release-windows-ix86+x86_64 0.1.2 12.00 194.00 206.00 NOTE
r-oldrel-macos-x86_64 0.1.2 NOTE
r-oldrel-windows-ix86+x86_64 0.1.2 12.00 189.00 201.00 NOTE

Check Details

Version: 0.1.2
Check: installed package size
Result: NOTE
     installed size is 6.5Mb
     sub-directories of 1Mb or more:
     doc 5.9Mb
Flavors: r-devel-linux-x86_64-fedora-clang, r-devel-windows-x86_64-new-UL, r-release-macos-arm64, r-release-macos-x86_64, r-release-windows-ix86+x86_64, r-oldrel-macos-x86_64, r-oldrel-windows-ix86+x86_64