Last updated on 2023-03-24 05:52:26 CET.
Flavor | Version | Tinstall | Tcheck | Ttotal | Status | Flags |
---|---|---|---|---|---|---|
r-devel-linux-x86_64-debian-clang | 0.0.5 | 3.94 | 95.25 | 99.19 | OK | |
r-devel-linux-x86_64-debian-gcc | 0.0.5 | 2.63 | 71.32 | 73.95 | OK | |
r-devel-linux-x86_64-fedora-clang | 0.0.5 | 121.66 | NOTE | |||
r-devel-linux-x86_64-fedora-gcc | 0.0.5 | 125.67 | NOTE | |||
r-patched-linux-x86_64 | 0.0.5 | 2.82 | 92.51 | 95.33 | OK | |
r-release-linux-x86_64 | 0.0.5 | 2.68 | 92.17 | 94.85 | OK | |
r-release-macos-arm64 | 0.0.5 | 42.00 | NOTE | |||
r-release-macos-x86_64 | 0.0.5 | 56.00 | NOTE | |||
r-release-windows-x86_64 | 0.0.5 | 27.00 | 134.00 | 161.00 | OK | |
r-oldrel-macos-arm64 | 0.0.5 | 40.00 | NOTE | |||
r-oldrel-macos-x86_64 | 0.0.5 | 62.00 | NOTE | |||
r-oldrel-windows-ix86+x86_64 | 0.0.5 | 10.00 | 127.00 | 137.00 | OK |
Version: 0.0.5
Check: data for non-ASCII characters
Result: NOTE
Note: found 1 marked UTF-8 string
Flavors: r-devel-linux-x86_64-fedora-clang, r-devel-linux-x86_64-fedora-gcc, r-release-macos-arm64, r-release-macos-x86_64, r-oldrel-macos-arm64, r-oldrel-macos-x86_64