CRAN Package Check Results for Package sims

Last updated on 2022-01-20 06:49:32 CET.

Flavor Version Tinstall Tcheck Ttotal Status Flags
r-devel-linux-x86_64-debian-clang 0.0.3 OK
r-devel-linux-x86_64-debian-gcc 0.0.3 2.95 44.98 47.93 OK
r-devel-linux-x86_64-fedora-clang 0.0.3 75.14 OK
r-devel-linux-x86_64-fedora-gcc 0.0.3 63.63 OK
r-devel-windows-x86_64-new-UL 0.0.3 23.00 102.00 125.00 OK
r-devel-windows-x86_64-new-TK 0.0.3 FAIL
r-patched-linux-x86_64 0.0.3 3.62 55.38 59.00 OK
r-release-linux-x86_64 0.0.3 OK
r-release-macos-arm64 0.0.3 OK
r-release-macos-x86_64 0.0.3 OK
r-release-windows-ix86+x86_64 0.0.3 12.00 79.00 91.00 OK
r-oldrel-macos-x86_64 0.0.3 OK
r-oldrel-windows-ix86+x86_64 0.0.3 10.00 78.00 88.00 OK

Check Details

Version: 0.0.3
Check: re-building of vignette outputs
Result: FAIL
Flavor: r-devel-windows-x86_64-new-TK