Last updated on 2021-01-16 06:51:23 CET.
Flavor | Version | Tinstall | Tcheck | Ttotal | Status | Flags |
---|---|---|---|---|---|---|
r-devel-linux-x86_64-debian-clang | 0.3.3 | 10.76 | 211.22 | 221.98 | NOTE | |
r-devel-linux-x86_64-debian-gcc | 0.3.3 | 8.88 | 165.05 | 173.93 | NOTE | |
r-devel-linux-x86_64-fedora-clang | 0.3.3 | 276.84 | NOTE | |||
r-devel-linux-x86_64-fedora-gcc | 0.3.3 | 262.45 | NOTE | |||
r-devel-windows-ix86+x86_64 | 0.3.3 | 18.00 | 228.00 | 246.00 | NOTE | |
r-patched-linux-x86_64 | 0.3.3 | 9.33 | 194.71 | 204.04 | NOTE | |
r-patched-solaris-x86 | 0.3.3 | 467.20 | NOTE | |||
r-release-linux-x86_64 | 0.3.3 | 8.95 | 201.00 | 209.95 | NOTE | |
r-release-macos-x86_64 | 0.3.3 | NOTE | ||||
r-release-windows-ix86+x86_64 | 0.3.3 | 20.00 | 208.00 | 228.00 | NOTE | |
r-oldrel-macos-x86_64 | 0.3.3 | NOTE | ||||
r-oldrel-windows-ix86+x86_64 | 0.3.3 | 21.00 | 230.00 | 251.00 | NOTE |
Version: 0.3.3
Check: package dependencies
Result: NOTE
Package suggested but not available for checking: 'SeuratData'
Flavors: r-devel-linux-x86_64-debian-clang, r-devel-linux-x86_64-debian-gcc, r-devel-linux-x86_64-fedora-clang, r-devel-linux-x86_64-fedora-gcc, r-devel-windows-ix86+x86_64, r-patched-linux-x86_64, r-patched-solaris-x86, r-release-linux-x86_64, r-release-macos-x86_64, r-release-windows-ix86+x86_64, r-oldrel-windows-ix86+x86_64
Version: 0.3.3
Check: package dependencies
Result: NOTE
Packages suggested but not available for checking:
'SingleCellExperiment', 'SeuratData'
Flavor: r-oldrel-macos-x86_64