CRAN Package Check Results for Package sinx

Last updated on 2020-10-20 06:46:57 CEST.

Flavor Version Tinstall Tcheck Ttotal Status Flags
r-devel-linux-x86_64-debian-clang 0.0.13 4.04 36.38 40.42 OK
r-devel-linux-x86_64-debian-gcc 0.0.13 3.42 27.49 30.91 OK
r-devel-linux-x86_64-fedora-clang 0.0.13 60.09 NOTE
r-devel-linux-x86_64-fedora-gcc 0.0.13 47.10 NOTE
r-devel-windows-ix86+x86_64 0.0.13 9.00 43.00 52.00 OK
r-patched-linux-x86_64 0.0.13 3.67 33.25 36.92 OK
r-patched-solaris-x86 0.0.13 73.50 NOTE
r-release-linux-x86_64 0.0.13 4.22 33.55 37.77 OK
r-release-macos-x86_64 0.0.13 NOTE
r-release-windows-ix86+x86_64 0.0.13 11.00 43.00 54.00 OK
r-oldrel-macos-x86_64 0.0.13 NOTE
r-oldrel-windows-ix86+x86_64 0.0.13 7.00 42.00 49.00 OK

Check Details

Version: 0.0.13
Check: dependencies in R code
Result: NOTE
    Namespaces in Imports field not imported from:
     ‘pagedown’ ‘rosr’
     All declared Imports should be used.
Flavors: r-devel-linux-x86_64-fedora-clang, r-devel-linux-x86_64-fedora-gcc, r-patched-solaris-x86, r-release-macos-x86_64, r-oldrel-macos-x86_64