CRAN Package Check Results for Package siqr

Last updated on 2024-02-24 06:50:50 CET.

Flavor Version Tinstall Tcheck Ttotal Status Flags
r-devel-linux-x86_64-debian-clang 0.8.1 2.20 27.49 29.69 NOTE
r-devel-linux-x86_64-debian-gcc 0.8.1 1.58 21.39 22.97 NOTE
r-devel-linux-x86_64-fedora-clang 0.8.1 36.66 NOTE
r-devel-linux-x86_64-fedora-gcc 0.8.1 39.99 NOTE
r-devel-windows-x86_64 0.8.1 3.00 42.00 45.00 NOTE
r-patched-linux-x86_64 0.8.1 1.83 27.50 29.33 NOTE
r-release-linux-x86_64 0.8.1 2.10 27.10 29.20 NOTE
r-release-macos-arm64 0.8.1 20.00 NOTE
r-release-macos-x86_64 0.8.1 24.00 NOTE
r-release-windows-x86_64 0.8.1 3.00 43.00 46.00 NOTE
r-oldrel-macos-arm64 0.8.1 18.00 OK
r-oldrel-windows-x86_64 0.8.1 4.00 48.00 52.00 OK

Check Details

Version: 0.8.1
Check: package subdirectories
Result: NOTE Problems with news in ‘NEWS.md’: No news entries found. Flavors: r-devel-linux-x86_64-debian-clang, r-devel-linux-x86_64-debian-gcc, r-devel-linux-x86_64-fedora-clang, r-devel-linux-x86_64-fedora-gcc, r-devel-windows-x86_64, r-patched-linux-x86_64, r-release-linux-x86_64, r-release-macos-arm64, r-release-macos-x86_64, r-release-windows-x86_64