Last updated on 2023-03-21 15:52:32 CET.
Flavor | Version | Tinstall | Tcheck | Ttotal | Status | Flags |
---|---|---|---|---|---|---|
r-devel-linux-x86_64-debian-clang | 0.2.0 | 7.62 | 61.89 | 69.51 | NOTE | |
r-devel-linux-x86_64-debian-gcc | 0.2.0 | 6.93 | 47.27 | 54.20 | NOTE | |
r-devel-linux-x86_64-fedora-clang | 0.2.0 | 90.23 | NOTE | |||
r-devel-linux-x86_64-fedora-gcc | 0.2.0 | 82.08 | NOTE | |||
r-patched-linux-x86_64 | 0.2.0 | 7.72 | 61.96 | 69.68 | NOTE | |
r-release-linux-x86_64 | 0.2.0 | 7.03 | 61.81 | 68.84 | NOTE | |
r-release-macos-arm64 | 0.2.0 | 30.00 | NOTE | |||
r-release-macos-x86_64 | 0.2.0 | 55.00 | NOTE | |||
r-release-windows-x86_64 | 0.2.0 | 32.00 | 90.00 | 122.00 | NOTE | |
r-oldrel-macos-arm64 | 0.2.0 | 32.00 | NOTE | |||
r-oldrel-macos-x86_64 | 0.2.0 | 49.00 | NOTE | |||
r-oldrel-windows-ix86+x86_64 | 0.2.0 | 19.00 | 88.00 | 107.00 | NOTE |
Version: 0.2.0
Check: LazyData
Result: NOTE
'LazyData' is specified without a 'data' directory
Flavors: r-devel-linux-x86_64-debian-clang, r-devel-linux-x86_64-debian-gcc, r-devel-linux-x86_64-fedora-clang, r-devel-linux-x86_64-fedora-gcc, r-patched-linux-x86_64, r-release-linux-x86_64, r-release-macos-arm64, r-release-macos-x86_64, r-release-windows-x86_64, r-oldrel-macos-arm64, r-oldrel-macos-x86_64, r-oldrel-windows-ix86+x86_64
Version: 0.2.0
Check: dependencies in R code
Result: NOTE
Namespace in Imports field not imported from: ‘stringi’
All declared Imports should be used.
Flavors: r-devel-linux-x86_64-fedora-clang, r-devel-linux-x86_64-fedora-gcc, r-release-macos-arm64, r-release-macos-x86_64, r-oldrel-macos-arm64, r-oldrel-macos-x86_64