CRAN Package Check Results for Package sitmo

Last updated on 2020-09-22 06:47:43 CEST.

Flavor Version Tinstall Tcheck Ttotal Status Flags
r-devel-linux-x86_64-debian-clang 2.0.1 40.82 59.67 100.49 OK
r-devel-linux-x86_64-debian-gcc 2.0.1 0.31 2.13 2.44 ERROR
r-devel-linux-x86_64-fedora-clang 2.0.1 146.39 OK
r-devel-linux-x86_64-fedora-gcc 2.0.1 114.36 OK
r-devel-windows-ix86+x86_64 2.0.1 81.00 92.00 173.00 OK
r-patched-linux-x86_64 2.0.1 28.67 56.39 85.06 OK
r-patched-solaris-x86 2.0.1 177.80 OK
r-release-linux-x86_64 2.0.1 27.78 56.56 84.34 OK
r-release-macos-x86_64 2.0.1 OK
r-release-windows-ix86+x86_64 2.0.1 78.00 111.00 189.00 OK
r-oldrel-macos-x86_64 2.0.1 OK
r-oldrel-windows-ix86+x86_64 2.0.1 55.00 107.00 162.00 OK

Check Details

Version: 2.0.1
Check: whether package can be installed
Result: ERROR
    Installation failed.
Flavor: r-devel-linux-x86_64-debian-gcc