CRAN Package Check Results for Package sits

Last updated on 2022-09-26 06:51:23 CEST.

Flavor Version Tinstall Tcheck Ttotal Status Flags
r-devel-linux-x86_64-debian-clang 1.1.0 160.24 182.75 342.99 OK
r-devel-linux-x86_64-debian-gcc 1.1.0 116.60 135.66 252.26 OK
r-devel-linux-x86_64-fedora-clang 1.1.0 477.54 OK
r-devel-linux-x86_64-fedora-gcc 1.1.0 432.87 OK
r-devel-windows-x86_64 1.1.0 237.00 274.00 511.00 OK
r-patched-linux-x86_64 1.1.0 128.65 159.62 288.27 OK
r-release-linux-x86_64 1.1.0 99.87 161.07 260.94 OK
r-release-macos-arm64 1.1.0 99.00 NOTE
r-release-macos-x86_64 1.1.0 130.00 NOTE
r-release-windows-x86_64 1.1.0 332.00 228.00 560.00 OK
r-oldrel-macos-arm64 1.1.0 113.00 WARN
r-oldrel-macos-x86_64 1.1.0 128.00 WARN
r-oldrel-windows-ix86+x86_64 1.1.0 354.00 253.00 607.00 NOTE

Check Details

Version: 1.1.0
Check: installed package size
Result: NOTE
     installed size is 7.6Mb
     sub-directories of 1Mb or more:
     extdata 1.6Mb
     libs 4.0Mb
Flavors: r-release-macos-arm64, r-release-macos-x86_64, r-oldrel-macos-arm64, r-oldrel-macos-x86_64, r-oldrel-windows-ix86+x86_64

Version: 1.1.0
Check: for executable files
Result: WARN
    Found the following executable file:
     inst/extdata/shapefiles/df_bsb/df_bsb.dbf
    Source packages should not contain undeclared executable files.
    See section ‘Package structure’ in the ‘Writing R Extensions’ manual.
Flavors: r-oldrel-macos-arm64, r-oldrel-macos-x86_64