CRAN Package Check Results for Package skellam

Last updated on 2024-07-16 07:01:51 CEST.

Flavor Version Tinstall Tcheck Ttotal Status Flags
r-devel-linux-x86_64-debian-clang 0.2.3 2.56 33.99 36.55 OK
r-devel-linux-x86_64-debian-gcc 0.2.3 1.97 26.31 28.28 OK
r-devel-linux-x86_64-fedora-clang 0.2.3 48.31 OK
r-devel-linux-x86_64-fedora-gcc 0.2.3 57.68 OK
r-devel-windows-x86_64 0.2.3 4.00 63.00 67.00 OK
r-patched-linux-x86_64 0.2.3 3.03 33.57 36.60 OK
r-release-linux-x86_64 0.2.3 2.53 33.04 35.57 OK
r-release-macos-arm64 0.2.3 26.00 OK
r-release-macos-x86_64 0.2.3 39.00 WARN
r-release-windows-x86_64 0.2.3 4.00 65.00 69.00 OK
r-oldrel-macos-arm64 0.2.3 30.00 OK
r-oldrel-macos-x86_64 0.2.3 88.00 OK
r-oldrel-windows-x86_64 0.2.3 3.00 63.00 66.00 OK

Check Details

Version: 0.2.3
Check: re-building of vignette outputs
Result: WARN Error(s) in re-building vignettes: ... --- re-building ‘skellam.rnw’ using knitr Error: processing vignette 'skellam.rnw' failed with diagnostics: Running 'texi2dvi' on 'skellam.tex' failed. LaTeX errors: ! Undefined control sequence. l.98 \hlkwd{library}\hldef {(}\hlsng{'skellam'}\hldef{)} ? ! Emergency stop. ! Emergency stop. l.98 End of file on the terminal! ! ==> Fatal error occurred, no output PDF file produced! --- failed re-building ‘skellam.rnw’ SUMMARY: processing the following file failed: ‘skellam.rnw’ Error: Vignette re-building failed. Execution halted Flavor: r-release-macos-x86_64