Last updated on 2023-01-27 07:50:44 CET.
Flavor | Version | Tinstall | Tcheck | Ttotal | Status | Flags |
---|---|---|---|---|---|---|
r-devel-linux-x86_64-debian-clang | 1.0.0 | 70.06 | 57.37 | 127.43 | OK | |
r-devel-linux-x86_64-debian-gcc | 1.0.0 | 56.10 | 45.66 | 101.76 | NOTE | |
r-devel-linux-x86_64-fedora-clang | 1.0.0 | 181.66 | NOTE | |||
r-devel-linux-x86_64-fedora-gcc | 1.0.0 | 176.68 | NOTE | |||
r-patched-linux-x86_64 | 1.0.0 | 65.51 | 58.79 | 124.30 | OK | |
r-release-linux-x86_64 | 1.0.0 | 47.09 | 59.42 | 106.51 | OK | |
r-release-macos-arm64 | 1.0.0 | 47.00 | NOTE | |||
r-release-macos-x86_64 | 1.0.0 | 77.00 | NOTE | |||
r-release-windows-x86_64 | 1.0.0 | 67.00 | 110.00 | 177.00 | OK | |
r-oldrel-macos-arm64 | 1.0.0 | 57.00 | NOTE | |||
r-oldrel-macos-x86_64 | 1.0.0 | 68.00 | NOTE | |||
r-oldrel-windows-ix86+x86_64 | 1.0.0 | 225.00 | 428.00 | 653.00 | NOTE |
Version: 1.0.0
Check: C++ specification
Result: NOTE
Specified C++11: please update to current default of C++17
Flavors: r-devel-linux-x86_64-debian-gcc, r-devel-linux-x86_64-fedora-clang, r-devel-linux-x86_64-fedora-gcc
Version: 1.0.0
Check: dependencies in R code
Result: NOTE
Namespace in Imports field not imported from: ‘RcppArmadillo’
All declared Imports should be used.
Flavors: r-devel-linux-x86_64-fedora-clang, r-devel-linux-x86_64-fedora-gcc, r-release-macos-arm64, r-release-macos-x86_64, r-oldrel-macos-arm64, r-oldrel-macos-x86_64
Version: 1.0.0
Check: installed package size
Result: NOTE
installed size is 5.1Mb
sub-directories of 1Mb or more:
R 2.0Mb
libs 2.0Mb
Flavor: r-oldrel-windows-ix86+x86_64