CRAN Package Check Results for Package sleepr

Last updated on 2022-01-17 06:53:30 CET.

Flavor Version Tinstall Tcheck Ttotal Status Flags
r-devel-linux-x86_64-debian-clang 0.3.0 2.89 62.19 65.08 NOTE
r-devel-linux-x86_64-debian-gcc 0.3.0 2.28 42.76 45.04 NOTE
r-devel-linux-x86_64-fedora-clang 0.3.0 70.02 NOTE
r-devel-linux-x86_64-fedora-gcc 0.3.0 59.65 NOTE
r-devel-windows-x86_64-new-UL 0.3.0 28.00 66.00 94.00 NOTE
r-devel-windows-x86_64-new-TK 0.3.0 NOTE
r-patched-linux-x86_64 0.3.0 4.54 52.93 57.47 NOTE
r-release-linux-x86_64 0.3.0 NOTE
r-release-macos-arm64 0.3.0 NOTE
r-release-macos-x86_64 0.3.0 NOTE
r-release-windows-ix86+x86_64 0.3.0 7.00 60.00 67.00 NOTE
r-oldrel-macos-x86_64 0.3.0 OK
r-oldrel-windows-ix86+x86_64 0.3.0 6.00 59.00 65.00 OK

Check Details

Version: 0.3.0
Check: LazyData
Result: NOTE
     'LazyData' is specified without a 'data' directory
Flavors: r-devel-linux-x86_64-debian-clang, r-devel-linux-x86_64-debian-gcc, r-devel-linux-x86_64-fedora-clang, r-devel-linux-x86_64-fedora-gcc, r-devel-windows-x86_64-new-UL, r-devel-windows-x86_64-new-TK, r-patched-linux-x86_64, r-release-linux-x86_64, r-release-macos-arm64, r-release-macos-x86_64, r-release-windows-ix86+x86_64