CRAN Package Check Results for Package slippymath

Last updated on 2021-04-17 06:46:57 CEST.

Flavor Version Tinstall Tcheck Ttotal Status Flags
r-devel-linux-x86_64-debian-clang 0.3.1 2.21 35.12 37.33 NOTE
r-devel-linux-x86_64-debian-gcc 0.3.1 2.03 27.24 29.27 NOTE
r-devel-linux-x86_64-fedora-clang 0.3.1 55.52 NOTE
r-devel-linux-x86_64-fedora-gcc 0.3.1 46.51 NOTE
r-devel-windows-ix86+x86_64 0.3.1 6.00 44.00 50.00 NOTE
r-devel-windows-x86_64-gcc10-UCRT 0.3.1 NOTE
r-patched-linux-x86_64 0.3.1 2.69 33.99 36.68 OK
r-patched-solaris-x86 0.3.1 68.70 OK
r-release-linux-x86_64 0.3.1 2.53 33.86 36.39 OK
r-release-macos-x86_64 0.3.1 OK
r-release-windows-ix86+x86_64 0.3.1 5.00 59.00 64.00 OK
r-oldrel-macos-x86_64 0.3.1 OK
r-oldrel-windows-ix86+x86_64 0.3.1 4.00 43.00 47.00 OK

Check Details

Version: 0.3.1
Check: LazyData
Result: NOTE
     'LazyData' is specified without a 'data' directory
Flavors: r-devel-linux-x86_64-debian-clang, r-devel-linux-x86_64-debian-gcc, r-devel-linux-x86_64-fedora-clang, r-devel-linux-x86_64-fedora-gcc, r-devel-windows-ix86+x86_64, r-devel-windows-x86_64-gcc10-UCRT