Last updated on 2022-07-06 06:53:02 CEST.
Flavor | Version | Tinstall | Tcheck | Ttotal | Status | Flags |
---|---|---|---|---|---|---|
r-devel-linux-x86_64-debian-clang | 2.2-5.7 | 17.20 | 86.22 | 103.42 | NOTE | |
r-devel-linux-x86_64-debian-gcc | 2.2-5.7.1 | 12.87 | 62.28 | 75.15 | OK | |
r-devel-linux-x86_64-fedora-clang | 2.2-5.7.1 | 136.80 | OK | |||
r-devel-linux-x86_64-fedora-gcc | 2.2-5.7.1 | 138.64 | OK | |||
r-devel-windows-x86_64 | 2.2-5.7.1 | 139.00 | 109.00 | 248.00 | OK | |
r-patched-linux-x86_64 | 2.2-5.7 | 19.64 | 83.73 | 103.37 | OK | |
r-release-linux-x86_64 | 2.2-5.7 | 15.65 | 80.95 | 96.60 | OK | |
r-release-macos-arm64 | 2.2-5.7.1 | 47.00 | OK | |||
r-release-macos-x86_64 | 2.2-5.7 | 52.00 | OK | |||
r-release-windows-x86_64 | 2.2-5.7.1 | 53.00 | 98.00 | 151.00 | OK | |
r-oldrel-macos-arm64 | 2.2-5.7.1 | 43.00 | OK | |||
r-oldrel-macos-x86_64 | 2.2-5.7 | 69.00 | OK | |||
r-oldrel-windows-ix86+x86_64 | 2.2-5.7.1 | 27.00 | 120.00 | 147.00 | OK |
Version: 2.2-5.7
Check: Rd files
Result: NOTE
checkRd: (-1) sm.ancova.Rd:78: Escaped LaTeX specials: \&
checkRd: (-1) sm.ancova.Rd:79: Escaped LaTeX specials: \&
checkRd: (-1) sm.discontinuity.Rd:99: Escaped LaTeX specials: \&
checkRd: (-1) sm.sigma.Rd:38: Escaped LaTeX specials: \&
checkRd: (-1) sm.sigma.Rd:41: Escaped LaTeX specials: \&
checkRd: (-1) sm.sigma2.compare.Rd:27: Escaped LaTeX specials: \&
checkRd: (-1) sm.sigma2.compare.Rd:30: Escaped LaTeX specials: \&
Flavor: r-devel-linux-x86_64-debian-clang