Last updated on 2021-02-25 06:47:15 CET.
Flavor | Version | Tinstall | Tcheck | Ttotal | Status | Flags |
---|---|---|---|---|---|---|
r-devel-linux-x86_64-debian-clang | 2.1-2 | 22.96 | 335.83 | 358.79 | OK | |
r-devel-linux-x86_64-debian-gcc | 2.1-2 | 16.99 | 238.05 | 255.04 | OK | |
r-devel-linux-x86_64-fedora-clang | 2.1-2 | 422.17 | NOTE | |||
r-devel-linux-x86_64-fedora-gcc | 2.1-2 | 414.58 | NOTE | |||
r-devel-windows-ix86+x86_64 | 2.1-1 | 32.00 | 347.00 | 379.00 | OK | |
r-patched-linux-x86_64 | 2.1-2 | 14.36 | 303.65 | 318.01 | OK | |
r-patched-solaris-x86 | 2.1-2 | 488.90 | NOTE | |||
r-release-linux-x86_64 | 2.1-2 | 15.18 | 307.76 | 322.94 | OK | |
r-release-macos-x86_64 | 2.1-2 | NOTE | ||||
r-release-windows-ix86+x86_64 | 2.1-2 | 71.00 | 377.00 | 448.00 | OK | |
r-oldrel-macos-x86_64 | 2.1-2 | NOTE | ||||
r-oldrel-windows-ix86+x86_64 | 2.1-2 | 28.00 | 306.00 | 334.00 | OK |
Version: 2.1-2
Check: data for non-ASCII characters
Result: NOTE
Note: found 15 marked Latin-1 strings
Note: found 2 marked UTF-8 strings
Flavors: r-devel-linux-x86_64-fedora-clang, r-devel-linux-x86_64-fedora-gcc, r-patched-solaris-x86, r-release-macos-x86_64, r-oldrel-macos-x86_64