CRAN Package Check Results for Package smartsizer

Last updated on 2022-01-22 06:49:07 CET.

Flavor Version Tinstall Tcheck Ttotal Status Flags
r-devel-linux-x86_64-debian-clang 1.0.3 2.31 180.87 183.18 NOTE
r-devel-linux-x86_64-debian-gcc 1.0.3 1.54 111.33 112.87 NOTE
r-devel-linux-x86_64-fedora-clang 1.0.3 203.57 NOTE
r-devel-linux-x86_64-fedora-gcc 1.0.3 189.40 NOTE
r-devel-windows-x86_64-new-UL 1.0.3 29.00 160.00 189.00 NOTE
r-devel-windows-x86_64-new-TK 1.0.3 NOTE
r-patched-linux-x86_64 1.0.3 1.67 159.03 160.70 NOTE
r-release-linux-x86_64 1.0.3 2.07 158.66 160.73 NOTE
r-release-macos-arm64 1.0.3 NOTE
r-release-macos-x86_64 1.0.3 NOTE
r-release-windows-ix86+x86_64 1.0.3 5.00 186.00 191.00 NOTE
r-oldrel-macos-x86_64 1.0.3 OK
r-oldrel-windows-ix86+x86_64 1.0.3 6.00 187.00 193.00 OK

Check Details

Version: 1.0.3
Check: LazyData
Result: NOTE
     'LazyData' is specified without a 'data' directory
Flavors: r-devel-linux-x86_64-debian-clang, r-devel-linux-x86_64-debian-gcc, r-devel-linux-x86_64-fedora-clang, r-devel-linux-x86_64-fedora-gcc, r-devel-windows-x86_64-new-UL, r-devel-windows-x86_64-new-TK, r-patched-linux-x86_64, r-release-linux-x86_64, r-release-macos-arm64, r-release-macos-x86_64, r-release-windows-ix86+x86_64