Last updated on 2021-01-18 06:46:49 CET.
Flavor | Version | Tinstall | Tcheck | Ttotal | Status | Flags |
---|---|---|---|---|---|---|
r-devel-linux-x86_64-debian-clang | 0.6.6 | 2.44 | 27.72 | 30.16 | OK | |
r-devel-linux-x86_64-debian-gcc | 0.6.6 | 2.06 | 22.16 | 24.22 | OK | |
r-devel-linux-x86_64-fedora-clang | 0.6.6 | 48.06 | NOTE | |||
r-devel-linux-x86_64-fedora-gcc | 0.6.6 | 37.94 | NOTE | |||
r-devel-windows-ix86+x86_64 | 0.6.6 | 5.00 | 39.00 | 44.00 | OK | |
r-patched-linux-x86_64 | 0.6.6 | 2.69 | 26.61 | 29.30 | OK | |
r-patched-solaris-x86 | 0.6.6 | 56.10 | NOTE | |||
r-release-linux-x86_64 | 0.6.6 | 2.28 | 26.92 | 29.20 | OK | |
r-release-macos-x86_64 | 0.6.6 | NOTE | ||||
r-release-windows-ix86+x86_64 | 0.6.6 | 5.00 | 39.00 | 44.00 | OK | |
r-oldrel-macos-x86_64 | 0.6.6 | NOTE | ||||
r-oldrel-windows-ix86+x86_64 | 0.6.6 | 5.00 | 32.00 | 37.00 | OK |
Version: 0.6.6
Check: dependencies in R code
Result: NOTE
Namespace in Imports field not imported from: ‘methods’
All declared Imports should be used.
Flavors: r-devel-linux-x86_64-fedora-clang, r-devel-linux-x86_64-fedora-gcc, r-patched-solaris-x86, r-release-macos-x86_64, r-oldrel-macos-x86_64