CRAN Package Check Results for Package smoothAPC

Last updated on 2020-10-26 05:46:52 CET.

Flavor Version Tinstall Tcheck Ttotal Status Flags
r-devel-linux-x86_64-debian-clang 0.3 10.06 123.91 133.97 OK
r-devel-linux-x86_64-debian-gcc 0.3 9.84 97.99 107.83 OK
r-devel-linux-x86_64-fedora-clang 0.3 169.49 NOTE
r-devel-linux-x86_64-fedora-gcc 0.3 160.51 NOTE
r-devel-windows-ix86+x86_64 0.3 25.00 146.00 171.00 OK
r-patched-linux-x86_64 0.3 9.40 116.71 126.11 OK
r-patched-solaris-x86 0.3 244.00 NOTE
r-release-linux-x86_64 0.3 10.89 116.42 127.31 OK
r-release-macos-x86_64 0.3 NOTE
r-release-windows-ix86+x86_64 0.3 17.00 113.00 130.00 OK
r-oldrel-macos-x86_64 0.3 WARN
r-oldrel-windows-ix86+x86_64 0.3 21.00 125.00 146.00 OK

Check Details

Version: 0.3
Check: dependencies in R code
Result: NOTE
    Namespaces in Imports field not imported from:
     ‘compiler’ ‘lmtest’
     All declared Imports should be used.
Flavors: r-devel-linux-x86_64-fedora-clang, r-devel-linux-x86_64-fedora-gcc, r-patched-solaris-x86, r-release-macos-x86_64, r-oldrel-macos-x86_64

Version: 0.3
Check: whether package can be installed
Result: WARN
    Found the following significant warnings:
     Warning: 'rgl_init' failed, running with rgl.useNULL = TRUE
Flavor: r-oldrel-macos-x86_64