CRAN Package Check Results for Package smoothie

Last updated on 2024-02-24 06:50:50 CET.

Flavor Version Tinstall Tcheck Ttotal Status Flags
r-devel-linux-x86_64-debian-clang 1.0-3 2.78 25.66 28.44 NOTE
r-devel-linux-x86_64-debian-gcc 1.0-3 2.23 19.89 22.12 NOTE
r-devel-linux-x86_64-fedora-clang 1.0-3 35.76 NOTE
r-devel-linux-x86_64-fedora-gcc 1.0-3 34.06 NOTE
r-devel-windows-x86_64 1.0-3 3.00 47.00 50.00 NOTE
r-patched-linux-x86_64 1.0-3 2.70 25.44 28.14 NOTE
r-release-linux-x86_64 1.0-3 2.79 25.23 28.02 NOTE
r-release-macos-arm64 1.0-3 18.00 NOTE
r-release-macos-x86_64 1.0-3 21.00 NOTE
r-release-windows-x86_64 1.0-3 3.00 46.00 49.00 NOTE
r-oldrel-macos-arm64 1.0-3 15.00 OK
r-oldrel-windows-x86_64 1.0-3 5.00 50.00 55.00 OK

Check Details

Version: 1.0-3
Check: Rd files
Result: NOTE checkRd: (-1) hoods2dsmooth.Rd:69: Escaped LaTeX specials: \& checkRd: (-1) kernel2dmeitsjer.Rd:75: Escaped LaTeX specials: \& checkRd: (-1) kernel2dsmooth.Rd:42: Escaped LaTeX specials: \& checkRd: (-1) smoothie-package.Rd:42: Escaped LaTeX specials: \& Flavors: r-devel-linux-x86_64-debian-clang, r-devel-linux-x86_64-debian-gcc, r-devel-linux-x86_64-fedora-clang, r-devel-linux-x86_64-fedora-gcc, r-devel-windows-x86_64, r-patched-linux-x86_64, r-release-linux-x86_64, r-release-macos-arm64, r-release-macos-x86_64, r-release-windows-x86_64