CRAN Package Check Results for Package smpic

Last updated on 2022-01-25 06:48:49 CET.

Flavor Version Tinstall Tcheck Ttotal Status Flags
r-devel-linux-x86_64-debian-clang 0.1.0 1.98 46.84 48.82 NOTE
r-devel-linux-x86_64-debian-gcc 0.1.0 1.84 37.03 38.87 NOTE
r-devel-linux-x86_64-fedora-clang 0.1.0 60.69 NOTE
r-devel-linux-x86_64-fedora-gcc 0.1.0 49.04 NOTE
r-devel-windows-x86_64-new-UL 0.1.0 17.00 74.00 91.00 OK
r-devel-windows-x86_64-new-TK 0.1.0 OK
r-patched-linux-x86_64 0.1.0 1.58 44.81 46.39 NOTE
r-release-linux-x86_64 0.1.0 1.56 43.49 45.05 NOTE
r-release-macos-arm64 0.1.0 OK
r-release-macos-x86_64 0.1.0 OK
r-release-windows-ix86+x86_64 0.1.0 5.00 53.00 58.00 OK
r-oldrel-macos-x86_64 0.1.0 OK
r-oldrel-windows-ix86+x86_64 0.1.0 6.00 58.00 64.00 OK

Check Details

Version: 0.1.0
Check: for non-standard things in the check directory
Result: NOTE
    Found the following files/directories:
     'my_new_social_media_plot.png'
Flavors: r-devel-linux-x86_64-debian-clang, r-devel-linux-x86_64-debian-gcc, r-devel-linux-x86_64-fedora-clang, r-devel-linux-x86_64-fedora-gcc, r-patched-linux-x86_64, r-release-linux-x86_64