Last updated on 2022-06-26 06:50:49 CEST.
Flavor | Version | Tinstall | Tcheck | Ttotal | Status | Flags |
---|---|---|---|---|---|---|
r-devel-linux-x86_64-debian-clang | 0.1.2 | 11.99 | 95.26 | 107.25 | OK | |
r-devel-linux-x86_64-debian-gcc | 0.1.2 | 9.36 | 74.09 | 83.45 | NOTE | |
r-devel-linux-x86_64-fedora-clang | 0.1.2 | 135.77 | NOTE | |||
r-devel-linux-x86_64-fedora-gcc | 0.1.2 | 134.26 | OK | |||
r-devel-windows-x86_64 | 0.1.2 | 25.00 | 114.00 | 139.00 | OK | |
r-patched-linux-x86_64 | 0.1.2 | 7.59 | 91.37 | 98.96 | NOTE | |
r-release-linux-x86_64 | 0.1.2 | 9.52 | 94.12 | 103.64 | NOTE | |
r-release-macos-arm64 | 0.1.2 | 37.00 | OK | |||
r-release-macos-x86_64 | 0.1.2 | 61.00 | OK | |||
r-release-windows-x86_64 | 0.1.2 | 22.00 | 114.00 | 136.00 | OK | |
r-oldrel-macos-arm64 | 0.1.2 | 41.00 | OK | |||
r-oldrel-macos-x86_64 | 0.1.2 | 55.00 | OK | |||
r-oldrel-windows-ix86+x86_64 | 0.1.2 | 27.00 | 110.00 | 137.00 | OK |
Version: 0.1.2
Check: Rd cross-references
Result: NOTE
Unknown package ‘andrews’ in Rd xrefs
Flavors: r-devel-linux-x86_64-debian-gcc, r-patched-linux-x86_64, r-release-linux-x86_64
Version: 0.1.2
Check: Rd cross-references
Result: NOTE
Undeclared package ‘andrews’ in Rd xrefs
Flavor: r-devel-linux-x86_64-fedora-clang