CRAN Package Check Results for Package sommer

Last updated on 2021-01-20 06:47:01 CET.

Flavor Version Tinstall Tcheck Ttotal Status Flags
r-devel-linux-x86_64-debian-clang 4.1.2 81.24 144.16 225.40 OK --no-vignettes
r-devel-linux-x86_64-debian-gcc 4.1.2 58.38 108.73 167.11 OK --no-vignettes
r-devel-linux-x86_64-fedora-clang 4.1.2 298.37 NOTE --no-vignettes
r-devel-linux-x86_64-fedora-gcc 4.1.2 283.61 OK --no-vignettes
r-devel-windows-ix86+x86_64 4.1.2 124.00 194.00 318.00 NOTE --no-vignettes
r-patched-linux-x86_64 4.1.2 74.25 132.88 207.13 OK --no-vignettes
r-patched-solaris-x86 4.1.2 297.10 NOTE --no-vignettes
r-release-linux-x86_64 4.1.2 65.18 132.39 197.57 OK --no-vignettes
r-release-macos-x86_64 4.1.2 NOTE
r-release-windows-ix86+x86_64 4.1.2 165.00 213.00 378.00 NOTE --no-vignettes
r-oldrel-macos-x86_64 4.1.2 FAIL
r-oldrel-windows-ix86+x86_64 4.1.2 115.00 232.00 347.00 NOTE --no-vignettes

Check Details

Version: 4.1.2
Flags: --no-vignettes
Check: installed package size
Result: NOTE
     installed size is 11.8Mb
     sub-directories of 1Mb or more:
     data 1.4Mb
     doc 2.1Mb
     libs 7.4Mb
Flavors: r-devel-linux-x86_64-fedora-clang, r-devel-windows-ix86+x86_64, r-patched-solaris-x86, r-release-windows-ix86+x86_64, r-oldrel-windows-ix86+x86_64

Version: 4.1.2
Check: installed package size
Result: NOTE
     installed size is 11.1Mb
     sub-directories of 1Mb or more:
     data 1.4Mb
     doc 2.1Mb
     libs 6.7Mb
Flavors: r-release-macos-x86_64, r-oldrel-macos-x86_64

Version: 4.1.2
Check: re-building of vignette outputs
Result: FAIL
Flavor: r-oldrel-macos-x86_64