Last updated on 2023-02-03 06:50:34 CET.
Flavor | Version | Tinstall | Tcheck | Ttotal | Status | Flags |
---|---|---|---|---|---|---|
r-devel-linux-x86_64-debian-clang | 4.2.0.1 | 117.72 | 186.74 | 304.46 | NOTE | --no-vignettes |
r-devel-linux-x86_64-debian-gcc | 4.2.0.1 | 93.89 | 135.60 | 229.49 | NOTE | --no-vignettes |
r-devel-linux-x86_64-fedora-clang | 4.2.0.1 | 636.90 | NOTE | |||
r-devel-linux-x86_64-fedora-gcc | 4.2.0.1 | 658.75 | NOTE | |||
r-devel-windows-x86_64 | 4.2.0.1 | 140.00 | 220.00 | 360.00 | NOTE | --no-vignettes |
r-patched-linux-x86_64 | 4.2.0.1 | 96.30 | 168.95 | 265.25 | OK | --no-vignettes |
r-release-linux-x86_64 | 4.2.0.1 | 96.36 | 170.83 | 267.19 | OK | --no-vignettes |
r-release-macos-arm64 | 4.2.0.1 | 172.00 | NOTE | |||
r-release-macos-x86_64 | 4.2.0.1 | 213.00 | NOTE | |||
r-release-windows-x86_64 | 4.2.0.1 | 115.00 | 232.00 | 347.00 | NOTE | --no-vignettes |
r-oldrel-macos-arm64 | 4.2.0.1 | 175.00 | NOTE | |||
r-oldrel-macos-x86_64 | 4.2.0.1 | 222.00 | NOTE | |||
r-oldrel-windows-ix86+x86_64 | 4.2.0.1 | 217.00 | 264.00 | 481.00 | NOTE | --no-vignettes |
Version: 4.2.0.1
Flags: --no-vignettes
Check: C++ specification
Result: NOTE
Specified C++11: please update to current default of C++17
Flavors: r-devel-linux-x86_64-debian-clang, r-devel-linux-x86_64-debian-gcc, r-devel-windows-x86_64
Version: 4.2.0.1
Check: C++ specification
Result: NOTE
Specified C++11: please update to current default of C++17
Flavors: r-devel-linux-x86_64-fedora-clang, r-devel-linux-x86_64-fedora-gcc
Version: 4.2.0.1
Check: installed package size
Result: NOTE
installed size is 5.8Mb
sub-directories of 1Mb or more:
data 1.4Mb
doc 2.1Mb
libs 1.2Mb
Flavors: r-devel-linux-x86_64-fedora-clang, r-release-macos-arm64, r-release-macos-x86_64, r-oldrel-macos-arm64, r-oldrel-macos-x86_64
Version: 4.2.0.1
Flags: --no-vignettes
Check: installed package size
Result: NOTE
installed size is 6.3Mb
sub-directories of 1Mb or more:
data 1.3Mb
doc 2.1Mb
libs 1.7Mb
Flavors: r-devel-windows-x86_64, r-release-windows-x86_64, r-oldrel-windows-ix86+x86_64