CRAN Package Check Results for Package sp

Last updated on 2020-09-26 06:46:56 CEST.

Flavor Version Tinstall Tcheck Ttotal Status Flags
r-devel-linux-x86_64-debian-clang 1.4-2 20.26 146.78 167.04 OK
r-devel-linux-x86_64-debian-gcc 1.4-2 16.14 112.01 128.15 OK
r-devel-linux-x86_64-fedora-clang 1.4-2 209.85 OK
r-devel-linux-x86_64-fedora-gcc 1.4-2 201.45 OK
r-devel-windows-ix86+x86_64 1.4-2 39.00 262.00 301.00 OK
r-patched-linux-x86_64 1.4-2 19.19 141.10 160.29 OK
r-patched-solaris-x86 1.4-2 259.20 OK
r-release-linux-x86_64 1.4-2 19.58 142.91 162.49 OK
r-release-macos-x86_64 1.4-2 OK
r-release-windows-ix86+x86_64 1.4-2 35.00 294.00 329.00 OK
r-oldrel-macos-x86_64 1.4-2 NOTE
r-oldrel-windows-ix86+x86_64 1.4-2 47.00 254.00 301.00 OK

Check Details

Version: 1.4-2
Check: dependencies in R code
Result: NOTE
    Missing or unexported objects:
     ‘rgdal::checkCRSArgs_ng’ ‘rgdal::new_proj_and_gdal’
Flavor: r-oldrel-macos-x86_64