CRAN Package Check Results for Package spRingsteen

Last updated on 2022-10-04 07:50:01 CEST.

Flavor Version Tinstall Tcheck Ttotal Status Flags
r-devel-linux-x86_64-debian-clang 0.1.0 4.40 37.68 42.08 OK
r-devel-linux-x86_64-debian-gcc 0.1.0 2.84 29.14 31.98 OK
r-devel-linux-x86_64-fedora-clang 0.1.0 62.95 NOTE
r-devel-linux-x86_64-fedora-gcc 0.1.0 62.25 NOTE
r-devel-windows-x86_64 0.1.0 11.00 64.00 75.00 OK
r-patched-linux-x86_64 0.1.0 3.13 34.94 38.07 OK
r-release-linux-x86_64 0.1.0 2.79 36.78 39.57 OK
r-release-macos-arm64 0.1.0 21.00 NOTE
r-release-macos-x86_64 0.1.0 27.00 NOTE
r-release-windows-x86_64 0.1.0 20.00 62.00 82.00 OK
r-oldrel-macos-arm64 0.1.0 25.00 NOTE
r-oldrel-macos-x86_64 0.1.0 30.00 NOTE
r-oldrel-windows-ix86+x86_64 0.1.0 11.00 62.00 73.00 OK

Check Details

Version: 0.1.0
Check: data for non-ASCII characters
Result: NOTE
     Note: found 199 marked UTF-8 strings
Flavors: r-devel-linux-x86_64-fedora-clang, r-devel-linux-x86_64-fedora-gcc, r-release-macos-arm64, r-release-macos-x86_64, r-oldrel-macos-arm64, r-oldrel-macos-x86_64