CRAN Package Check Results for Package spaMM

Last updated on 2022-06-29 06:53:38 CEST.

Flavor Version Tinstall Tcheck Ttotal Status Flags
r-devel-linux-x86_64-debian-clang 3.12.0 203.48 332.04 535.52 OK
r-devel-linux-x86_64-debian-gcc 3.12.0 166.80 250.76 417.56 OK
r-devel-linux-x86_64-fedora-clang 3.12.0 695.12 NOTE
r-devel-linux-x86_64-fedora-gcc 3.12.0 484.98 OK
r-devel-windows-x86_64 3.12.0 241.00 348.00 589.00 NOTE
r-patched-linux-x86_64 3.12.0 143.82 323.18 467.00 OK
r-release-linux-x86_64 3.12.0 149.54 322.16 471.70 OK
r-release-macos-arm64 3.12.0 151.00 NOTE
r-release-macos-x86_64 3.12.0 202.00 NOTE
r-release-windows-x86_64 3.12.0 249.00 360.00 609.00 OK
r-oldrel-macos-arm64 3.12.0 119.00 NOTE
r-oldrel-macos-x86_64 3.12.0 203.00 NOTE
r-oldrel-windows-ix86+x86_64 3.12.0 417.00 451.00 868.00 NOTE

Check Details

Version: 3.12.0
Check: installed package size
Result: NOTE
     installed size is 35.1Mb
     sub-directories of 1Mb or more:
     R 2.2Mb
     libs 31.7Mb
Flavors: r-devel-linux-x86_64-fedora-clang, r-devel-windows-x86_64, r-release-macos-arm64, r-release-macos-x86_64, r-oldrel-macos-arm64, r-oldrel-macos-x86_64, r-oldrel-windows-ix86+x86_64