Last updated on 2023-12-02 06:48:29 CET.
Flavor | Version | Tinstall | Tcheck | Ttotal | Status | Flags |
---|---|---|---|---|---|---|
r-devel-linux-x86_64-debian-clang | 1.3-0 | 13.79 | 205.67 | 219.46 | NOTE | |
r-devel-linux-x86_64-debian-gcc | 1.3-0 | 12.60 | 155.56 | 168.16 | NOTE | |
r-devel-linux-x86_64-fedora-clang | 1.3-0 | 277.29 | OK | |||
r-devel-linux-x86_64-fedora-gcc | 1.3-0 | 299.17 | OK | |||
r-devel-windows-x86_64 | 1.3-0 | 15.00 | 234.00 | 249.00 | ERROR | |
r-patched-linux-x86_64 | 1.3-0 | 15.80 | 198.07 | 213.87 | OK | |
r-release-linux-x86_64 | 1.3-0 | 15.46 | 195.97 | 211.43 | OK | |
r-release-macos-arm64 | 1.3-0 | 126.00 | OK | |||
r-release-macos-x86_64 | 1.3-0 | 193.00 | OK | |||
r-release-windows-x86_64 | 1.3-0 | 19.00 | 257.00 | 276.00 | ERROR | |
r-oldrel-macos-arm64 | 1.3-0 | 99.00 | OK | |||
r-oldrel-macos-x86_64 | 1.3-0 | 133.00 | OK | |||
r-oldrel-windows-x86_64 | 1.3-0 | 20.00 | 272.00 | 292.00 | ERROR |
Version: 1.3-0
Check: Rd files
Result: NOTE
checkRd: (-1) stinteraction.Rd:14: Lost braces; missing escapes or markup?
14 | residual, computed by $y_{ij}=x_{ij}-m_{.j}m{i.}/m$ with $m$ the
| ^
checkRd: (-1) stinteraction.Rd:14: Lost braces; missing escapes or markup?
14 | residual, computed by $y_{ij}=x_{ij}-m_{.j}m{i.}/m$ with $m$ the
| ^
checkRd: (-1) stinteraction.Rd:14: Lost braces; missing escapes or markup?
14 | residual, computed by $y_{ij}=x_{ij}-m_{.j}m{i.}/m$ with $m$ the
| ^
checkRd: (-1) stinteraction.Rd:14: Lost braces
14 | residual, computed by $y_{ij}=x_{ij}-m_{.j}m{i.}/m$ with $m$ the
| ^
checkRd: (-1) stinteraction.Rd:15: Lost braces; missing escapes or markup?
15 | grand mean, $m_{.j}$ the temporal mean, $m_{i.}$ the spatial mean
| ^
checkRd: (-1) stinteraction.Rd:15: Lost braces; missing escapes or markup?
15 | grand mean, $m_{.j}$ the temporal mean, $m_{i.}$ the spatial mean
| ^
Flavors: r-devel-linux-x86_64-debian-clang, r-devel-linux-x86_64-debian-gcc
Version: 1.3-0
Check: re-building of vignette outputs
Result: ERROR
Error(s) in re-building vignettes:
--- re-building 'stgvis.Rmd' using knitr
Loading required package: plm
Error: processing vignette 'stgvis.Rmd' failed with diagnostics:
file name conversion problem -- name too long?
--- failed re-building 'stgvis.Rmd'
--- re-building 'jss816.Rnw' using Sweave
Linking to GEOS 3.11.2, GDAL 3.7.2, PROJ 9.3.0; sf_use_s2() is TRUE
Loading required package: zoo
Attaching package: 'zoo'
The following objects are masked from 'package:base':
as.Date, as.Date.numeric
Warning in krigeST(values ~ 1, wind.data, pred.grd, v) :
The spatio-temporal variogram model does not carry the strongly recommended attribute 'temporal unit'.
The unit 'secs' has been assumed. krigeST could not check whether the temporal distances between locations and in the variogram coincide.
Attaching package: 'boot'
The following object is masked from 'package:lattice':
melanoma
Attaching package: 'adehabitatLT'
The following object is masked from 'package:zoo':
is.regular
--- finished re-building 'jss816.Rnw'
--- re-building 'sto.Rnw' using Sweave
Attaching package: 'zoo'
The following objects are masked from 'package:base':
as.Date, as.Date.numeric
--- finished re-building 'sto.Rnw'
--- re-building 'stpg.Rnw' using Sweave
Warning: undefined slot classes in definition of "ST_PG": con(class "PostgreSQLConnection")
--- finished re-building 'stpg.Rnw'
--- re-building 'stsubs.Rnw' using Sweave
Loading required package: zoo
Attaching package: 'zoo'
The following objects are masked from 'package:base':
as.Date, as.Date.numeric
--- finished re-building 'stsubs.Rnw'
SUMMARY: processing the following file failed:
'stgvis.Rmd'
Error: Vignette re-building failed.
Execution halted
Flavors: r-devel-windows-x86_64, r-release-windows-x86_64
Version: 1.3-0
Check: re-building of vignette outputs
Result: ERROR
Error(s) in re-building vignettes:
--- re-building 'stgvis.Rmd' using knitr
Loading required package: plm
Error: processing vignette 'stgvis.Rmd' failed with diagnostics:
file name conversion problem -- name too long?
--- failed re-building 'stgvis.Rmd'
--- re-building 'jss816.Rnw' using Sweave
Linking to GEOS 3.9.3, GDAL 3.5.2, PROJ 8.2.1; sf_use_s2() is TRUE
Loading required package: zoo
Attaching package: 'zoo'
The following objects are masked from 'package:base':
as.Date, as.Date.numeric
Warning in krigeST(values ~ 1, wind.data, pred.grd, v) :
The spatio-temporal variogram model does not carry the strongly recommended attribute 'temporal unit'.
The unit 'secs' has been assumed. krigeST could not check whether the temporal distances between locations and in the variogram coincide.
Attaching package: 'boot'
The following object is masked from 'package:lattice':
melanoma
Attaching package: 'adehabitatLT'
The following object is masked from 'package:zoo':
is.regular
--- finished re-building 'jss816.Rnw'
--- re-building 'sto.Rnw' using Sweave
Attaching package: 'zoo'
The following objects are masked from 'package:base':
as.Date, as.Date.numeric
--- finished re-building 'sto.Rnw'
--- re-building 'stpg.Rnw' using Sweave
Warning: undefined slot classes in definition of "ST_PG": con(class "PostgreSQLConnection")
--- finished re-building 'stpg.Rnw'
--- re-building 'stsubs.Rnw' using Sweave
Loading required package: zoo
Attaching package: 'zoo'
The following objects are masked from 'package:base':
as.Date, as.Date.numeric
--- finished re-building 'stsubs.Rnw'
SUMMARY: processing the following file failed:
'stgvis.Rmd'
Error: Vignette re-building failed.
Execution halted
Flavor: r-oldrel-windows-x86_64