CRAN Package Check Results for Package spaero

Last updated on 2024-02-29 06:54:22 CET.

Flavor Version Tinstall Tcheck Ttotal Status Flags
r-devel-linux-x86_64-debian-clang 0.6.0 1.61 65.03 66.64 NOTE
r-devel-linux-x86_64-debian-gcc 0.6.0 1.95 48.20 50.15 NOTE
r-devel-linux-x86_64-fedora-clang 0.6.0 84.97 NOTE
r-devel-linux-x86_64-fedora-gcc 0.6.0 105.81 NOTE
r-devel-windows-x86_64 0.6.0 3.00 107.00 110.00 NOTE
r-patched-linux-x86_64 0.6.0 1.95 64.38 66.33 NOTE
r-release-linux-x86_64 0.6.0 2.39 63.11 65.50 NOTE
r-release-macos-arm64 0.6.0 44.00 NOTE
r-release-macos-x86_64 0.6.0 70.00 NOTE
r-release-windows-x86_64 0.6.0 6.00 112.00 118.00 NOTE
r-oldrel-macos-arm64 0.6.0 42.00 NOTE
r-oldrel-windows-x86_64 0.6.0 3.00 111.00 114.00 NOTE

Check Details

Version: 0.6.0
Check: LazyData
Result: NOTE 'LazyData' is specified without a 'data' directory Flavors: r-devel-linux-x86_64-debian-clang, r-devel-linux-x86_64-debian-gcc, r-devel-linux-x86_64-fedora-clang, r-devel-linux-x86_64-fedora-gcc, r-devel-windows-x86_64, r-patched-linux-x86_64, r-release-linux-x86_64, r-release-macos-arm64, r-release-macos-x86_64, r-release-windows-x86_64, r-oldrel-macos-arm64, r-oldrel-windows-x86_64

Version: 0.6.0
Check: dependencies in R code
Result: NOTE Namespace in Imports field not imported from: ‘utils’ All declared Imports should be used. Flavors: r-devel-linux-x86_64-fedora-clang, r-devel-linux-x86_64-fedora-gcc