Last updated on 2023-03-22 05:52:40 CET.
Flavor | Version | Tinstall | Tcheck | Ttotal | Status | Flags |
---|---|---|---|---|---|---|
r-devel-linux-x86_64-debian-clang | 0.6.0 | 1.99 | 65.61 | 67.60 | NOTE | |
r-devel-linux-x86_64-debian-gcc | 0.6.0 | 1.64 | 47.02 | 48.66 | NOTE | |
r-devel-linux-x86_64-fedora-clang | 0.6.0 | 85.60 | NOTE | |||
r-devel-linux-x86_64-fedora-gcc | 0.6.0 | 101.17 | NOTE | |||
r-patched-linux-x86_64 | 0.6.0 | 2.11 | 62.74 | 64.85 | NOTE | |
r-release-linux-x86_64 | 0.6.0 | 2.07 | 61.37 | 63.44 | NOTE | |
r-release-macos-arm64 | 0.6.0 | 37.00 | NOTE | |||
r-release-macos-x86_64 | 0.6.0 | 58.00 | NOTE | |||
r-release-windows-x86_64 | 0.6.0 | 17.00 | 122.00 | 139.00 | NOTE | |
r-oldrel-macos-arm64 | 0.6.0 | 35.00 | NOTE | |||
r-oldrel-macos-x86_64 | 0.6.0 | 69.00 | NOTE | |||
r-oldrel-windows-ix86+x86_64 | 0.6.0 | 6.00 | 112.00 | 118.00 | NOTE |
Version: 0.6.0
Check: LazyData
Result: NOTE
'LazyData' is specified without a 'data' directory
Flavors: r-devel-linux-x86_64-debian-clang, r-devel-linux-x86_64-debian-gcc, r-devel-linux-x86_64-fedora-clang, r-devel-linux-x86_64-fedora-gcc, r-patched-linux-x86_64, r-release-linux-x86_64, r-release-macos-arm64, r-release-macos-x86_64, r-release-windows-x86_64, r-oldrel-macos-arm64, r-oldrel-macos-x86_64, r-oldrel-windows-ix86+x86_64
Version: 0.6.0
Check: dependencies in R code
Result: NOTE
Namespace in Imports field not imported from: ‘utils’
All declared Imports should be used.
Flavors: r-devel-linux-x86_64-fedora-clang, r-devel-linux-x86_64-fedora-gcc, r-release-macos-arm64, r-release-macos-x86_64, r-oldrel-macos-arm64, r-oldrel-macos-x86_64