Last updated on 2021-01-25 06:46:34 CET.
Flavor | Version | Tinstall | Tcheck | Ttotal | Status | Flags |
---|---|---|---|---|---|---|
r-devel-linux-x86_64-debian-clang | 1.5.2 | 32.64 | 165.05 | 197.69 | OK | |
r-devel-linux-x86_64-debian-gcc | 1.5.2 | 24.88 | 121.84 | 146.72 | OK | |
r-devel-linux-x86_64-fedora-clang | 1.5.2 | 238.36 | NOTE | |||
r-devel-linux-x86_64-fedora-gcc | 1.5.2 | 233.50 | NOTE | |||
r-devel-windows-ix86+x86_64 | 1.5.2 | 56.00 | 195.00 | 251.00 | NOTE | |
r-patched-linux-x86_64 | 1.5.2 | 28.83 | 150.78 | 179.61 | OK | |
r-patched-solaris-x86 | 1.5.2 | 255.50 | NOTE | |||
r-release-linux-x86_64 | 1.5.2 | 29.46 | 151.08 | 180.54 | OK | |
r-release-macos-x86_64 | 1.5.2 | NOTE | ||||
r-release-windows-ix86+x86_64 | 1.5.2 | 57.00 | 135.00 | 192.00 | NOTE | |
r-oldrel-macos-x86_64 | 1.5.2 | NOTE | ||||
r-oldrel-windows-ix86+x86_64 | 1.5.2 | 40.00 | 153.00 | 193.00 | NOTE |
Version: 1.5.2
Check: package dependencies
Result: NOTE
Imports includes 30 non-default packages.
Importing from so many packages makes the package vulnerable to any of
them becoming unavailable. Move as many as possible to Suggests and
use conditionally.
Flavor: r-devel-linux-x86_64-fedora-clang
Version: 1.5.2
Check: installed package size
Result: NOTE
installed size is 5.6Mb
sub-directories of 1Mb or more:
R 1.4Mb
java 2.9Mb
Flavors: r-devel-linux-x86_64-fedora-clang, r-devel-windows-ix86+x86_64, r-patched-solaris-x86, r-release-macos-x86_64, r-release-windows-ix86+x86_64, r-oldrel-macos-x86_64, r-oldrel-windows-ix86+x86_64
Version: 1.5.2
Check: dependencies in R code
Result: NOTE
Namespace in Imports field not imported from: ‘lifecycle’
All declared Imports should be used.
Flavors: r-devel-linux-x86_64-fedora-clang, r-devel-linux-x86_64-fedora-gcc, r-patched-solaris-x86, r-release-macos-x86_64, r-oldrel-macos-x86_64
Version: 1.5.2
Check: package dependencies
Result: NOTE
Package suggested but not available for checking: ‘arrow’
Flavor: r-patched-solaris-x86