CRAN Package Check Results for Package sparseinv

Last updated on 2024-06-13 06:58:19 CEST.

Flavor Version Tinstall Tcheck Ttotal Status Flags
r-devel-linux-x86_64-debian-clang 0.1.3 30.80 88.73 119.53 NOTE
r-devel-linux-x86_64-debian-gcc 0.1.3 21.10 63.19 84.29 ERROR
r-devel-linux-x86_64-fedora-clang 0.1.3 164.88 NOTE
r-devel-linux-x86_64-fedora-gcc 0.1.3 148.83 NOTE
r-devel-windows-x86_64 0.1.3 29.00 96.00 125.00 NOTE
r-patched-linux-x86_64 0.1.3 28.48 84.92 113.40 NOTE
r-release-linux-x86_64 0.1.3 27.37 86.70 114.07 NOTE
r-release-macos-arm64 0.1.3 43.00 NOTE
r-release-macos-x86_64 0.1.3 62.00 NOTE
r-release-windows-x86_64 0.1.3 30.00 100.00 130.00 NOTE
r-oldrel-macos-arm64 0.1.3 49.00 NOTE
r-oldrel-macos-x86_64 0.1.3 76.00 NOTE
r-oldrel-windows-x86_64 0.1.3 36.00 115.00 151.00 NOTE

Check Details

Version: 0.1.3
Check: Rd files
Result: NOTE checkRd: (-1) cholsolveAQinvAT.Rd:5: Lost braces; missing escapes or markup? 5 | \title{Solve the equation X = AQ^{-1}t(A) under permutations} | ^ Flavors: r-devel-linux-x86_64-debian-clang, r-devel-linux-x86_64-debian-gcc, r-devel-linux-x86_64-fedora-clang, r-devel-linux-x86_64-fedora-gcc, r-devel-windows-x86_64, r-patched-linux-x86_64, r-release-linux-x86_64, r-release-macos-arm64, r-release-macos-x86_64, r-release-windows-x86_64

Version: 0.1.3
Check: LazyData
Result: NOTE 'LazyData' is specified without a 'data' directory Flavors: r-devel-linux-x86_64-debian-clang, r-devel-linux-x86_64-debian-gcc, r-devel-linux-x86_64-fedora-clang, r-devel-linux-x86_64-fedora-gcc, r-devel-windows-x86_64, r-patched-linux-x86_64, r-release-linux-x86_64, r-release-macos-arm64, r-release-macos-x86_64, r-release-windows-x86_64, r-oldrel-macos-arm64, r-oldrel-macos-x86_64, r-oldrel-windows-x86_64

Version: 0.1.3
Check: package dependencies
Result: NOTE Package suggested but not available for checking: ‘testthat’ Flavor: r-devel-linux-x86_64-debian-gcc

Version: 0.1.3
Check: tests
Result: ERROR Running ‘testthat.R’ [0s/1s] Running the tests in ‘tests/testthat.R’ failed. Complete output: > ops <- options("crayon.enabled" = FALSE) > library(testthat) Error in library(testthat) : there is no package called 'testthat' Execution halted Flavor: r-devel-linux-x86_64-debian-gcc