Last updated on 2021-01-18 06:46:49 CET.
Flavor | Version | Tinstall | Tcheck | Ttotal | Status | Flags |
---|---|---|---|---|---|---|
r-devel-linux-x86_64-debian-clang | 1.2 | 69.31 | 115.14 | 184.45 | OK | |
r-devel-linux-x86_64-debian-gcc | 1.2 | 50.97 | 87.05 | 138.02 | OK | |
r-devel-linux-x86_64-fedora-clang | 1.2 | 254.26 | NOTE | |||
r-devel-linux-x86_64-fedora-gcc | 1.2 | 233.92 | NOTE | |||
r-devel-windows-ix86+x86_64 | 1.2 | 126.00 | 162.00 | 288.00 | OK | |
r-patched-linux-x86_64 | 1.2 | 61.49 | 104.64 | 166.13 | OK | |
r-patched-solaris-x86 | 1.2 | 288.00 | OK | |||
r-release-linux-x86_64 | 1.2 | 58.26 | 104.85 | 163.11 | OK | |
r-release-macos-x86_64 | 1.2 | OK | ||||
r-release-windows-ix86+x86_64 | 1.2 | 140.00 | 157.00 | 297.00 | OK | |
r-oldrel-macos-x86_64 | 1.2 | OK | ||||
r-oldrel-windows-ix86+x86_64 | 1.2 | 155.00 | 124.00 | 279.00 | OK |
Version: 1.2
Check: compiled code
Result: NOTE
File ‘sparsereg/libs/sparsereg.so’:
Found no calls to: ‘R_registerRoutines’, ‘R_useDynamicSymbols’
It is good practice to register native routines and to disable symbol
search.
See ‘Writing portable packages’ in the ‘Writing R Extensions’ manual.
Flavors: r-devel-linux-x86_64-fedora-clang, r-devel-linux-x86_64-fedora-gcc