CRAN Package Check Results for Package sparsevar

Last updated on 2020-09-22 06:47:44 CEST.

Flavor Version Tinstall Tcheck Ttotal Status Flags
r-devel-linux-x86_64-debian-clang 0.0.11 5.80 47.04 52.84 OK
r-devel-linux-x86_64-debian-gcc 0.0.11 0.33 2.28 2.61 ERROR
r-devel-linux-x86_64-fedora-clang 0.0.11 79.05 OK
r-devel-linux-x86_64-fedora-gcc 0.0.11 68.02 OK
r-devel-windows-ix86+x86_64 0.0.11 14.00 53.00 67.00 OK
r-patched-linux-x86_64 0.0.11 5.14 46.37 51.51 OK
r-patched-solaris-x86 0.0.11 96.80 OK
r-release-linux-x86_64 0.0.11 5.27 46.73 52.00 OK
r-release-macos-x86_64 0.0.11 OK
r-release-windows-ix86+x86_64 0.0.11 10.00 53.00 63.00 OK
r-oldrel-macos-x86_64 0.0.11 OK
r-oldrel-windows-ix86+x86_64 0.0.11 6.00 70.00 76.00 OK

Check Details

Version: 0.0.11
Check: whether package can be installed
Result: ERROR
    Installation failed.
Flavor: r-devel-linux-x86_64-debian-gcc