CRAN Package Check Results for Package spatialfusion

Last updated on 2020-09-22 06:47:44 CEST.

Flavor Version Tinstall Tcheck Ttotal Status Flags
r-devel-linux-x86_64-debian-clang 0.6-2 23.15 170.53 193.68 NOTE
r-devel-linux-x86_64-debian-gcc 0.6-2 0.38 2.32 2.70 ERROR
r-devel-linux-x86_64-fedora-clang 0.6-2 252.54 OK
r-devel-linux-x86_64-fedora-gcc 0.6-2 243.81 OK
r-devel-windows-ix86+x86_64 0.6-2 56.00 175.00 231.00 OK
r-patched-linux-x86_64 0.6-2 22.56 164.16 186.72 NOTE
r-patched-solaris-x86 0.6-2 361.30 NOTE
r-release-linux-x86_64 0.6-2 18.10 170.84 188.94 NOTE
r-release-macos-x86_64 0.6-2 NOTE
r-release-windows-ix86+x86_64 0.6-2 53.00 157.00 210.00 OK
r-oldrel-macos-x86_64 0.6-2 NOTE
r-oldrel-windows-ix86+x86_64 0.6-2 33.00 200.00 233.00 OK

Check Details

Version: 0.6-2
Check: package dependencies
Result: NOTE
    Package suggested but not available for checking: 'INLA'
Flavors: r-devel-linux-x86_64-debian-clang, r-devel-linux-x86_64-debian-gcc, r-patched-linux-x86_64, r-patched-solaris-x86, r-release-linux-x86_64, r-release-macos-x86_64, r-oldrel-macos-x86_64

Version: 0.6-2
Check: whether package can be installed
Result: ERROR
    Installation failed.
Flavor: r-devel-linux-x86_64-debian-gcc