Last updated on 2022-07-04 06:51:37 CEST.
Flavor | Version | Tinstall | Tcheck | Ttotal | Status | Flags |
---|---|---|---|---|---|---|
r-devel-linux-x86_64-debian-clang | 2.0-1 | 11.91 | 102.82 | 114.73 | NOTE | |
r-devel-linux-x86_64-debian-gcc | 2.0-1 | 9.71 | 75.88 | 85.59 | NOTE | |
r-devel-linux-x86_64-fedora-clang | 2.0-1 | 146.40 | NOTE | |||
r-devel-linux-x86_64-fedora-gcc | 2.0-1 | 147.54 | NOTE | |||
r-devel-windows-x86_64 | 2.0-1 | 24.00 | 125.00 | 149.00 | NOTE | |
r-patched-linux-x86_64 | 2.0-1 | 10.06 | 102.41 | 112.47 | NOTE | |
r-release-linux-x86_64 | 2.0-1 | 9.51 | 98.91 | 108.42 | NOTE | |
r-release-macos-arm64 | 2.0-1 | 42.00 | NOTE | |||
r-release-macos-x86_64 | 2.0-1 | 79.00 | NOTE | |||
r-release-windows-x86_64 | 2.0-1 | 25.00 | 125.00 | 150.00 | NOTE | |
r-oldrel-macos-arm64 | 2.0-1 | 39.00 | NOTE | |||
r-oldrel-macos-x86_64 | 2.0-1 | 60.00 | NOTE | |||
r-oldrel-windows-ix86+x86_64 | 2.0-1 | 30.00 | 169.00 | 199.00 | NOTE |
Version: 2.0-1
Check: package dependencies
Result: NOTE
Depends: includes the non-default packages:
'spatstat.data', 'spatstat.sparse', 'spatstat.geom',
'spatstat.random', 'spatstat.core', 'spatstat.linnet', 'spatstat'
Adding so many packages to the search path is excessive and importing
selectively is preferable.
Flavors: r-devel-linux-x86_64-debian-clang, r-devel-linux-x86_64-debian-gcc, r-devel-linux-x86_64-fedora-clang, r-devel-linux-x86_64-fedora-gcc, r-devel-windows-x86_64, r-patched-linux-x86_64, r-release-linux-x86_64, r-release-macos-arm64, r-release-macos-x86_64, r-release-windows-x86_64, r-oldrel-macos-arm64, r-oldrel-macos-x86_64, r-oldrel-windows-ix86+x86_64