CRAN Package Check Results for Package spatstat.geom

Last updated on 2022-12-04 06:49:31 CET.

Flavor Version Tinstall Tcheck Ttotal Status Flags
r-devel-linux-x86_64-debian-clang 3.0-3 70.72 417.59 488.31 OK
r-devel-linux-x86_64-debian-gcc 3.0-3 54.28 309.85 364.13 OK
r-devel-linux-x86_64-fedora-clang 3.0-3 597.53 OK
r-devel-linux-x86_64-fedora-gcc 3.0-3 586.64 OK
r-devel-windows-x86_64 3.0-3 534.00 602.00 1136.00 OK
r-patched-linux-x86_64 3.0-3 68.00 365.78 433.78 OK
r-release-linux-x86_64 3.0-3 64.56 377.75 442.31 OK
r-release-macos-arm64 3.0-3 152.00 NOTE
r-release-macos-x86_64 3.0-3 187.00 NOTE
r-release-windows-x86_64 3.0-3 592.00 590.00 1182.00 OK
r-oldrel-macos-arm64 3.0-3 142.00 NOTE
r-oldrel-macos-x86_64 3.0-3 189.00 NOTE
r-oldrel-windows-ix86+x86_64 3.0-3 144.00 661.00 805.00 OK

Check Details

Version: 3.0-3
Check: package dependencies
Result: NOTE
    Packages suggested but not available for checking:
     'spatstat.explore', 'spatstat.model'
Flavors: r-release-macos-arm64, r-release-macos-x86_64, r-oldrel-macos-arm64, r-oldrel-macos-x86_64

Version: 3.0-3
Check: installed package size
Result: NOTE
     installed size is 5.1Mb
     sub-directories of 1Mb or more:
     R 2.0Mb
     help 1.9Mb
Flavors: r-release-macos-arm64, r-oldrel-macos-arm64

Version: 3.0-3
Check: Rd cross-references
Result: NOTE
    Packages unavailable to check Rd xrefs: ‘spatstat.model’, ‘spatstat.explore’
Flavors: r-release-macos-arm64, r-release-macos-x86_64, r-oldrel-macos-arm64, r-oldrel-macos-x86_64