CRAN Package Check Results for Package specmine

Last updated on 2021-12-05 06:48:56 CET.

Flavor Version Tinstall Tcheck Ttotal Status Flags
r-devel-linux-x86_64-debian-clang 3.1.6 88.63 247.73 336.36 NOTE
r-devel-linux-x86_64-debian-gcc 3.1.6 83.65 189.80 273.45 NOTE
r-devel-linux-x86_64-fedora-clang 3.1.6 432.01 NOTE
r-devel-linux-x86_64-fedora-gcc 3.1.6 439.39 NOTE
r-devel-windows-x86_64-new-UL 3.1.6 162.00 344.00 506.00 NOTE
r-devel-windows-x86_64-new-TK 3.1.6 NOTE
r-devel-windows-x86_64-old 3.1.6 140.00 239.00 379.00 NOTE
r-patched-linux-x86_64 3.1.6 93.09 224.56 317.65 NOTE
r-release-linux-x86_64 3.1.6 90.97 232.34 323.31 NOTE
r-release-macos-arm64 3.1.6 NOTE
r-release-macos-x86_64 3.1.6 NOTE
r-release-windows-ix86+x86_64 3.1.6 165.00 319.00 484.00 NOTE
r-oldrel-macos-x86_64 3.1.6 NOTE
r-oldrel-windows-ix86+x86_64 3.1.6 166.00 304.00 470.00 NOTE

Check Details

Version: 3.1.6
Check: package dependencies
Result: NOTE
    Package suggested but not available for checking: 'rcytoscapejs'
Flavors: r-devel-linux-x86_64-debian-clang, r-devel-linux-x86_64-debian-gcc, r-devel-linux-x86_64-fedora-gcc, r-devel-windows-x86_64-new-UL, r-devel-windows-x86_64-new-TK, r-devel-windows-x86_64-old, r-patched-linux-x86_64, r-release-linux-x86_64, r-release-macos-arm64, r-release-windows-ix86+x86_64, r-oldrel-windows-ix86+x86_64

Version: 3.1.6
Check: package dependencies
Result: NOTE
    Package suggested but not available for checking: ‘rcytoscapejs’
    
    Imports includes 21 non-default packages.
    Importing from so many packages makes the package vulnerable to any of
    them becoming unavailable. Move as many as possible to Suggests and
    use conditionally.
Flavor: r-devel-linux-x86_64-fedora-clang

Version: 3.1.6
Check: dependencies in R code
Result: NOTE
    Namespaces in Imports field not imported from:
     ‘e1071’ ‘specmine.datasets’
     All declared Imports should be used.
Flavors: r-devel-linux-x86_64-fedora-clang, r-devel-linux-x86_64-fedora-gcc, r-devel-windows-x86_64-new-TK, r-release-macos-arm64, r-release-macos-x86_64, r-oldrel-macos-x86_64

Version: 3.1.6
Check: Rd cross-references
Result: NOTE
    Undeclared package ‘hyperSpec’ in Rd xrefs
Flavor: r-devel-linux-x86_64-fedora-clang

Version: 3.1.6
Check: package dependencies
Result: NOTE
    Packages suggested but not available for checking:
     'MAIT', 'KEGGgraph', 'rcytoscapejs'
Flavor: r-release-macos-x86_64

Version: 3.1.6
Check: package dependencies
Result: NOTE
    Packages suggested but not available for checking:
     'MAIT', 'KEGGgraph', 'KEGGREST', 'rcytoscapejs'
Flavor: r-oldrel-macos-x86_64