Last updated on 2023-04-02 06:50:44 CEST.
Flavor | Version | Tinstall | Tcheck | Ttotal | Status | Flags |
---|---|---|---|---|---|---|
r-devel-linux-x86_64-debian-clang | 0.1.2 | 13.37 | 142.75 | 156.12 | OK | |
r-devel-linux-x86_64-debian-gcc | 0.1.2 | 11.37 | 105.41 | 116.78 | OK | |
r-devel-linux-x86_64-fedora-clang | 0.1.2 | 191.26 | OK | |||
r-devel-linux-x86_64-fedora-gcc | 0.1.2 | 191.32 | OK | |||
r-patched-linux-x86_64 | 0.1.2 | 12.10 | 133.54 | 145.64 | OK | |
r-release-linux-x86_64 | 0.1.2 | 10.67 | 132.11 | 142.78 | OK | |
r-release-macos-arm64 | 0.1.2 | 64.00 | OK | |||
r-release-macos-x86_64 | 0.1.2 | 82.00 | OK | |||
r-release-windows-x86_64 | 0.1.2 | 21.00 | 167.00 | 188.00 | OK | |
r-oldrel-macos-arm64 | 0.1.2 | 62.00 | WARN | |||
r-oldrel-macos-x86_64 | 0.1.2 | 88.00 | WARN | |||
r-oldrel-windows-ix86+x86_64 | 0.1.2 | 38.00 | 170.00 | 208.00 | NOTE |
Version: 0.1.2
Check: for executable files
Result: WARN
Found the following executable files:
inst/extdata/SouthernBuh-habitats_shapefile.dbf
inst/extdata/test_shapefile.dbf
Source packages should not contain undeclared executable files.
See section ‘Package structure’ in the ‘Writing R Extensions’ manual.
Flavors: r-oldrel-macos-arm64, r-oldrel-macos-x86_64
Version: 0.1.2
Check: R code for possible problems
Result: NOTE
Initiating curl with CURL_SSL_BACKEND: openssl
Flavor: r-oldrel-windows-ix86+x86_64