CRAN Package Check Results for Package speechbr

Last updated on 2022-09-30 07:51:30 CEST.

Flavor Version Tinstall Tcheck Ttotal Status Flags
r-devel-linux-x86_64-debian-clang 2.0.0 3.62 31.42 35.04 OK
r-devel-linux-x86_64-debian-gcc 2.0.0 2.71 24.85 27.56 OK
r-devel-linux-x86_64-fedora-clang 2.0.0 55.15 NOTE
r-devel-linux-x86_64-fedora-gcc 2.0.0 51.55 NOTE
r-devel-windows-x86_64 2.0.0 11.00 65.00 76.00 OK
r-patched-linux-x86_64 2.0.0 2.47 30.32 32.79 OK
r-release-linux-x86_64 2.0.0 2.19 29.94 32.13 OK
r-release-macos-arm64 2.0.0 17.00 NOTE
r-release-macos-x86_64 2.0.0 31.00 NOTE
r-release-windows-x86_64 2.0.0 10.00 61.00 71.00 OK
r-oldrel-macos-arm64 2.0.0 16.00 NOTE
r-oldrel-macos-x86_64 2.0.0 25.00 NOTE
r-oldrel-windows-ix86+x86_64 2.0.0 9.00 58.00 67.00 OK

Check Details

Version: 2.0.0
Check: dependencies in R code
Result: NOTE
    Namespaces in Imports field not imported from:
     ‘glue’ ‘httptest’
     All declared Imports should be used.
Flavors: r-devel-linux-x86_64-fedora-clang, r-devel-linux-x86_64-fedora-gcc, r-release-macos-arm64, r-release-macos-x86_64, r-oldrel-macos-arm64, r-oldrel-macos-x86_64