Last updated on 2023-09-24 07:55:22 CEST.
Flavor | Version | Tinstall | Tcheck | Ttotal | Status | Flags |
---|---|---|---|---|---|---|
r-devel-linux-x86_64-debian-clang | 2.0.0 | 3.13 | 30.57 | 33.70 | OK | |
r-devel-linux-x86_64-debian-gcc | 2.0.0 | 2.75 | 24.39 | 27.14 | OK | |
r-devel-linux-x86_64-fedora-clang | 2.0.0 | 43.69 | NOTE | |||
r-devel-linux-x86_64-fedora-gcc | 2.0.0 | 41.28 | NOTE | |||
r-devel-windows-x86_64 | 2.0.0 | 5.00 | 50.00 | 55.00 | OK | |
r-patched-linux-x86_64 | 2.0.0 | 2.02 | 30.50 | 32.52 | OK | |
r-release-linux-x86_64 | 2.0.0 | 2.77 | 30.82 | 33.59 | OK | |
r-release-macos-arm64 | 2.0.0 | 23.00 | OK | |||
r-release-macos-x86_64 | 2.0.0 | 34.00 | OK | |||
r-release-windows-x86_64 | 2.0.0 | 5.00 | 51.00 | 56.00 | OK | |
r-oldrel-macos-arm64 | 2.0.0 | 17.00 | NOTE | |||
r-oldrel-macos-x86_64 | 2.0.0 | 31.00 | NOTE | |||
r-oldrel-windows-x86_64 | 2.0.0 | 6.00 | 55.00 | 61.00 | OK |
Version: 2.0.0
Check: dependencies in R code
Result: NOTE
Namespaces in Imports field not imported from:
‘glue’ ‘httptest’
All declared Imports should be used.
Flavors: r-devel-linux-x86_64-fedora-clang, r-devel-linux-x86_64-fedora-gcc, r-oldrel-macos-arm64, r-oldrel-macos-x86_64