CRAN Package Check Results for Package speedglm

Last updated on 2020-12-04 06:47:01 CET.

Flavor Version Tinstall Tcheck Ttotal Status Flags
r-devel-linux-x86_64-debian-clang 0.3-2 10.90 76.52 87.42 OK
r-devel-linux-x86_64-debian-gcc 0.3-2 8.31 60.78 69.09 OK
r-devel-linux-x86_64-fedora-clang 0.3-2 110.51 NOTE
r-devel-linux-x86_64-fedora-gcc 0.3-2 106.32 OK
r-devel-windows-ix86+x86_64 0.3-2 19.00 92.00 111.00 OK
r-patched-linux-x86_64 0.3-2 11.20 75.11 86.31 OK
r-patched-solaris-x86 0.3-2 151.10 OK
r-release-linux-x86_64 0.3-2 9.56 74.38 83.94 OK
r-release-macos-x86_64 0.3-2 OK
r-release-windows-ix86+x86_64 0.3-2 15.00 95.00 110.00 OK
r-oldrel-macos-x86_64 0.3-2 OK
r-oldrel-windows-ix86+x86_64 0.3-2 14.00 92.00 106.00 OK

Check Details

Version: 0.3-2
Check: Rd cross-references
Result: NOTE
    Undeclared package ‘biglm’ in Rd xrefs
Flavor: r-devel-linux-x86_64-fedora-clang