Last updated on 2022-05-27 07:50:17 CEST.
Flavor | Version | Tinstall | Tcheck | Ttotal | Status | Flags |
---|---|---|---|---|---|---|
r-devel-linux-x86_64-debian-clang | 0.3-4 | 11.07 | 91.14 | 102.21 | OK | |
r-devel-linux-x86_64-debian-gcc | 0.3-4 | 6.98 | 69.39 | 76.37 | OK | |
r-devel-linux-x86_64-fedora-clang | 0.3-4 | 124.08 | NOTE | |||
r-devel-linux-x86_64-fedora-gcc | 0.3-4 | 108.50 | OK | |||
r-devel-windows-x86_64 | 0.3-4 | 40.00 | 103.00 | 143.00 | OK | |
r-patched-linux-x86_64 | 0.3-4 | 10.41 | 88.36 | 98.77 | OK | |
r-release-linux-x86_64 | 0.3-4 | 7.93 | 87.09 | 95.02 | OK | |
r-release-macos-arm64 | 0.3-4 | 33.00 | OK | |||
r-release-macos-x86_64 | 0.3-4 | 51.00 | OK | |||
r-release-windows-x86_64 | 0.3-4 | 21.00 | 102.00 | 123.00 | OK | |
r-oldrel-macos-arm64 | 0.3-4 | 37.00 | OK | |||
r-oldrel-macos-x86_64 | 0.3-4 | 47.00 | OK | |||
r-oldrel-windows-ix86+x86_64 | 0.3-4 | 20.00 | 100.00 | 120.00 | OK |
Version: 0.3-4
Check: Rd cross-references
Result: NOTE
Undeclared package ‘biglm’ in Rd xrefs
Flavor: r-devel-linux-x86_64-fedora-clang