Last updated on 2021-01-19 06:51:17 CET.
Flavor | Version | Tinstall | Tcheck | Ttotal | Status | Flags |
---|---|---|---|---|---|---|
r-devel-linux-x86_64-debian-clang | 0.1-1 | 14.30 | 138.53 | 152.83 | NOTE | |
r-devel-linux-x86_64-debian-gcc | 0.1-1 | 12.65 | 103.88 | 116.53 | NOTE | |
r-devel-linux-x86_64-fedora-clang | 0.1-1 | 199.86 | NOTE | |||
r-devel-linux-x86_64-fedora-gcc | 0.1-1 | 182.08 | NOTE | |||
r-devel-windows-ix86+x86_64 | 0.1-1 | 28.00 | 131.00 | 159.00 | OK | |
r-patched-linux-x86_64 | 0.1-1 | 14.09 | 126.01 | 140.10 | NOTE | |
r-patched-solaris-x86 | 0.1-1 | 260.40 | NOTE | |||
r-release-linux-x86_64 | 0.1-1 | 15.16 | 126.14 | 141.30 | NOTE | |
r-release-macos-x86_64 | 0.1-1 | OK | ||||
r-release-windows-ix86+x86_64 | 0.1-1 | 29.00 | 115.00 | 144.00 | OK | |
r-oldrel-macos-x86_64 | 0.1-1 | OK | ||||
r-oldrel-windows-ix86+x86_64 | 0.1-1 | 23.00 | 106.00 | 129.00 | OK |
Version: 0.1-1
Check: for non-standard things in the check directory
Result: NOTE
Found the following files/directories:
'.neig'
Flavors: r-devel-linux-x86_64-debian-clang, r-devel-linux-x86_64-debian-gcc, r-devel-linux-x86_64-fedora-clang, r-devel-linux-x86_64-fedora-gcc, r-patched-linux-x86_64, r-patched-solaris-x86, r-release-linux-x86_64