CRAN Package Check Results for Package splm

Last updated on 2022-07-01 06:51:40 CEST.

Flavor Version Tinstall Tcheck Ttotal Status Flags
r-devel-linux-x86_64-debian-clang 1.5-3 45.39 414.66 460.05 OK
r-devel-linux-x86_64-debian-gcc 1.5-3 38.99 305.18 344.17 OK
r-devel-linux-x86_64-fedora-clang 1.5-3 548.73 WARN
r-devel-linux-x86_64-fedora-gcc 1.5-3 555.30 WARN
r-devel-windows-x86_64 1.5-3 54.00 400.00 454.00 OK
r-patched-linux-x86_64 1.5-3 44.20 394.70 438.90 OK
r-release-linux-x86_64 1.5-3 47.56 395.09 442.65 OK
r-release-macos-arm64 1.5-3 118.00 OK
r-release-macos-x86_64 1.5-3 166.00 OK
r-release-windows-x86_64 1.5-3 53.00 388.00 441.00 OK
r-oldrel-macos-arm64 1.5-3 119.00 OK
r-oldrel-macos-x86_64 1.5-3 157.00 OK
r-oldrel-windows-ix86+x86_64 1.5-3 105.00 396.00 501.00 OK

Check Details

Version: 1.5-3
Check: package dependencies
Result: WARN
    Requires (indirectly) orphaned package: ‘gtools’
Flavors: r-devel-linux-x86_64-fedora-clang, r-devel-linux-x86_64-fedora-gcc