CRAN Package Check Results for Package spm12r

Last updated on 2020-09-25 06:50:11 CEST.

Flavor Version Tinstall Tcheck Ttotal Status Flags
r-devel-linux-x86_64-debian-clang 2.8.1 7.45 80.50 87.95 OK
r-devel-linux-x86_64-debian-gcc 2.8.1 6.72 62.62 69.34 OK
r-devel-linux-x86_64-fedora-clang 2.8.1 120.40 OK
r-devel-linux-x86_64-fedora-gcc 2.8.1 104.02 OK
r-devel-windows-ix86+x86_64 2.8.1 17.00 74.00 91.00 OK --no-vignettes
r-patched-linux-x86_64 2.8.1 8.71 77.52 86.23 OK
r-patched-solaris-x86 2.8.1 135.80 ERROR
r-release-linux-x86_64 2.8.1 7.91 78.20 86.11 OK
r-release-macos-x86_64 2.8.1 OK
r-release-windows-ix86+x86_64 2.8.1 14.00 84.00 98.00 OK --no-vignettes
r-oldrel-macos-x86_64 2.8.1 OK
r-oldrel-windows-ix86+x86_64 2.8.1 13.00 78.00 91.00 OK --no-vignettes

Check Details

Version: 2.8.1
Check: examples
Result: ERROR
    Running examples in ‘spm12r-Ex.R’ failed
    The error most likely occurred in:
    
    > ### Name: install_spm12
    > ### Title: Install SPM12 file into directory
    > ### Aliases: install_spm12
    >
    > ### ** Examples
    >
    > tdir = tempfile()
    > dir.create(tdir)
    > in_ci <- function() {
    + nzchar(Sys.getenv("CI"))
    + }
    > if (.Platform$OS.type == "unix" | in_ci()) { # windows problem
    + res = install_spm12(install_dir = tdir)
    + res = install_spm12(install_dir = tdir)
    + }
    cloning into '/tmp/RtmplfaqCQ/working_dir/RtmptCaiYX/file6391f357ad0/spm12'...
    Error in git2r::clone("https://github.com/muschellij2/spm12r", branch = "gh-pages", :
     Error in 'git2r_clone': the SSL certificate is invalid
    Calls: install_spm12 -> <Anonymous>
    Execution halted
Flavor: r-patched-solaris-x86